{"id":31495,"date":"2016-08-24T17:52:03","date_gmt":"2016-08-24T17:52:03","guid":{"rendered":"http:\/\/www.tunaespana.es\/wp-content\/uploads\/2012\/10\/0La-Ilustraci\u00f3n-espa\u00f1ola-y-americana.-15-3-1878-estudiantina-Espa\u00f1ola.pdf"},"modified":"2016-08-24T17:52:17","modified_gmt":"2016-08-24T17:52:17","slug":"0la-ilustracion-espanola-y-americana-15-3-1878-estudiantina-espanola","status":"inherit","type":"attachment","link":"https:\/\/www.tunaespana.es\/?attachment_id=31495","title":{"rendered":"0La Ilustraci\u00f3n espa\u00f1ola y americana. 15-3-1878 (estudiantina Espa\u00f1ola)"},"author":2,"comment_status":"closed","ping_status":"closed","template":"","meta":[],"description":{"rendered":"<p class=\"attachment\"><a href='https:\/\/www.tunaespana.es\/wp-content\/uploads\/2012\/10\/0La-Ilustraci\u00f3n-espa\u00f1ola-y-americana.-15-3-1878-estudiantina-Espa\u00f1ola.pdf'>0La Ilustraci\u00f3n espa\u00f1ola y americana. 15-3-1878 (estudiantina Espa\u00f1ola)<\/a><\/p>\n"},"caption":{"rendered":"<p>LA TUNA<\/p>\n"},"alt_text":"","media_type":"file","mime_type":"application\/pdf","media_details":{},"post":16351,"source_url":"https:\/\/www.tunaespana.es\/wp-content\/uploads\/2012\/10\/0La-Ilustraci\u00f3n-espa\u00f1ola-y-americana.-15-3-1878-estudiantina-Espa\u00f1ola.pdf","_links":{"self":[{"href":"https:\/\/www.tunaespana.es\/index.php?rest_route=\/wp\/v2\/media\/31495"}],"collection":[{"href":"https:\/\/www.tunaespana.es\/index.php?rest_route=\/wp\/v2\/media"}],"about":[{"href":"https:\/\/www.tunaespana.es\/index.php?rest_route=\/wp\/v2\/types\/attachment"}],"author":[{"embeddable":true,"href":"https:\/\/www.tunaespana.es\/index.php?rest_route=\/wp\/v2\/users\/2"}],"replies":[{"embeddable":true,"href":"https:\/\/www.tunaespana.es\/index.php?rest_route=%2Fwp%2Fv2%2Fcomments&post=31495"}]}}

http://www.tunaespana.es/wp-content/uploads/2012/10/0La-Ilustración-española-y-americana.-15-3-1878-estudiantina-Española.pdf

0La Ilustración española y americana. 15-3-1878 (estudiantina Española)

<p class="attachment"><a href='https://www.tunaespana.es/wp-content/uploads/2012/10/0La-Ilustración-española-y-americana.-15-3-1878-estudiantina-Española.pdf'>0La Ilustración española y americana. 15-3-1878 (estudiantina Española)</a></p>

https://www.tunaespana.es/wp-content/uploads/2012/10/0La-Ilustración-española-y-americana.-15-3-1878-estudiantina-Española.pdf
