{"id":32058,"date":"2017-04-17T18:20:52","date_gmt":"2017-04-17T18:20:52","guid":{"rendered":"http:\/\/www.tunaespana.es\/wp-content\/uploads\/2016\/12\/TunaEspa\u00f1a-Don-Dudo-Caballero-Espa\u00f1ol-Raul-Gonzalez-Real-Madridphoto_2017-04-11_18-18-37a.jpg"},"modified":"2017-04-17T18:20:52","modified_gmt":"2017-04-17T18:20:52","slug":"tunaespana-don-dudo-caballero-espanol-raul-gonzalez-real-madridphoto_2017-04-11_18-18-37a","status":"inherit","type":"attachment","link":"https:\/\/www.tunaespana.es\/?attachment_id=32058","title":{"rendered":"TunaEspa\u00f1a, Don Dudo, Caballero Espa\u00f1ol, Raul Gonzalez, Real Madrid,photo_2017-04-11_18-18-37a"},"author":2,"comment_status":"closed","ping_status":"closed","template":"","meta":[],"description":{"rendered":"<p class=\"attachment\"><a href='https:\/\/www.tunaespana.es\/wp-content\/uploads\/2016\/12\/TunaEspa\u00f1a-Don-Dudo-Caballero-Espa\u00f1ol-Raul-Gonzalez-Real-Madridphoto_2017-04-11_18-18-37a.jpg'><img width=\"213\" height=\"300\" src=\"https:\/\/www.tunaespana.es\/wp-content\/uploads\/2016\/12\/TunaEspa\u00f1a-Don-Dudo-Caballero-Espa\u00f1ol-Raul-Gonzalez-Real-Madridphoto_2017-04-11_18-18-37a-213x300.jpg\" class=\"attachment-medium size-medium\" alt=\"\" decoding=\"async\" loading=\"lazy\" srcset=\"https:\/\/www.tunaespana.es\/wp-content\/uploads\/2016\/12\/TunaEspa\u00f1a-Don-Dudo-Caballero-Espa\u00f1ol-Raul-Gonzalez-Real-Madridphoto_2017-04-11_18-18-37a-213x300.jpg 213w, https:\/\/www.tunaespana.es\/wp-content\/uploads\/2016\/12\/TunaEspa\u00f1a-Don-Dudo-Caballero-Espa\u00f1ol-Raul-Gonzalez-Real-Madridphoto_2017-04-11_18-18-37a.jpg 446w\" sizes=\"(max-width: 213px) 100vw, 213px\" \/><\/a><\/p>\n"},"caption":{"rendered":""},"alt_text":"","media_type":"image","mime_type":"image\/jpeg","media_details":{"width":446,"height":629,"file":"2016\/12\/TunaEspa\u00f1a-Don-Dudo-Caballero-Espa\u00f1ol-Raul-Gonzalez-Real-Madridphoto_2017-04-11_18-18-37a.jpg","sizes":{"thumbnail":{"file":"TunaEspa\u00f1a-Don-Dudo-Caballero-Espa\u00f1ol-Raul-Gonzalez-Real-Madridphoto_2017-04-11_18-18-37a-150x150.jpg","width":150,"height":150,"mime_type":"image\/jpeg","source_url":"https:\/\/www.tunaespana.es\/wp-content\/uploads\/2016\/12\/TunaEspa\u00f1a-Don-Dudo-Caballero-Espa\u00f1ol-Raul-Gonzalez-Real-Madridphoto_2017-04-11_18-18-37a-150x150.jpg"},"medium":{"file":"TunaEspa\u00f1a-Don-Dudo-Caballero-Espa\u00f1ol-Raul-Gonzalez-Real-Madridphoto_2017-04-11_18-18-37a-213x300.jpg","width":213,"height":300,"mime_type":"image\/jpeg","source_url":"https:\/\/www.tunaespana.es\/wp-content\/uploads\/2016\/12\/TunaEspa\u00f1a-Don-Dudo-Caballero-Espa\u00f1ol-Raul-Gonzalez-Real-Madridphoto_2017-04-11_18-18-37a-213x300.jpg"},"full":{"file":"TunaEspa\u00f1a-Don-Dudo-Caballero-Espa\u00f1ol-Raul-Gonzalez-Real-Madridphoto_2017-04-11_18-18-37a.jpg","width":446,"height":629,"mime_type":"image\/jpeg","source_url":"https:\/\/www.tunaespana.es\/wp-content\/uploads\/2016\/12\/TunaEspa\u00f1a-Don-Dudo-Caballero-Espa\u00f1ol-Raul-Gonzalez-Real-Madridphoto_2017-04-11_18-18-37a.jpg"}},"image_meta":{"aperture":"0","credit":"","camera":"","caption":"","created_timestamp":"0","copyright":"","focal_length":"0","iso":"0","shutter_speed":"0","title":"","orientation":"0","keywords":[]}},"post":31739,"source_url":"https:\/\/www.tunaespana.es\/wp-content\/uploads\/2016\/12\/TunaEspa\u00f1a-Don-Dudo-Caballero-Espa\u00f1ol-Raul-Gonzalez-Real-Madridphoto_2017-04-11_18-18-37a.jpg","_links":{"self":[{"href":"https:\/\/www.tunaespana.es\/index.php?rest_route=\/wp\/v2\/media\/32058"}],"collection":[{"href":"https:\/\/www.tunaespana.es\/index.php?rest_route=\/wp\/v2\/media"}],"about":[{"href":"https:\/\/www.tunaespana.es\/index.php?rest_route=\/wp\/v2\/types\/attachment"}],"author":[{"embeddable":true,"href":"https:\/\/www.tunaespana.es\/index.php?rest_route=\/wp\/v2\/users\/2"}],"replies":[{"embeddable":true,"href":"https:\/\/www.tunaespana.es\/index.php?rest_route=%2Fwp%2Fv2%2Fcomments&post=32058"}]}}

http://www.tunaespana.es/wp-content/uploads/2016/12/TunaEspaña-Don-Dudo-Caballero-Español-Raul-Gonzalez-Real-Madridphoto_2017-04-11_18-18-37a.jpg

TunaEspaña, Don Dudo, Caballero Español, Raul Gonzalez, Real Madrid,photo_2017-04-11_18-18-37a

<p class="attachment"><a href='https://www.tunaespana.es/wp-content/uploads/2016/12/TunaEspaña-Don-Dudo-Caballero-Español-Raul-Gonzalez-Real-Madridphoto_2017-04-11_18-18-37a.jpg'><img width="213" height="300" src="https://www.tunaespana.es/wp-content/uploads/2016/12/TunaEspaña-Don-Dudo-Caballero-Español-Raul-Gonzalez-Real-Madridphoto_2017-04-11_18-18-37a-213x300.jpg" class="attachment-medium size-medium" alt="" decoding="async" loading="lazy" srcset="https://www.tunaespana.es/wp-content/uploads/2016/12/TunaEspaña-Don-Dudo-Caballero-Español-Raul-Gonzalez-Real-Madridphoto_2017-04-11_18-18-37a-213x300.jpg 213w, https://www.tunaespana.es/wp-content/uploads/2016/12/TunaEspaña-Don-Dudo-Caballero-Español-Raul-Gonzalez-Real-Madridphoto_2017-04-11_18-18-37a.jpg 446w" sizes="(max-width: 213px) 100vw, 213px" /></a></p>

2016/12/TunaEspaña-Don-Dudo-Caballero-Español-Raul-Gonzalez-Real-Madridphoto_2017-04-11_18-18-37a.jpg

TunaEspaña-Don-Dudo-Caballero-Español-Raul-Gonzalez-Real-Madridphoto_2017-04-11_18-18-37a-150x150.jpg

https://www.tunaespana.es/wp-content/uploads/2016/12/TunaEspaña-Don-Dudo-Caballero-Español-Raul-Gonzalez-Real-Madridphoto_2017-04-11_18-18-37a-150x150.jpg

TunaEspaña-Don-Dudo-Caballero-Español-Raul-Gonzalez-Real-Madridphoto_2017-04-11_18-18-37a-213x300.jpg

https://www.tunaespana.es/wp-content/uploads/2016/12/TunaEspaña-Don-Dudo-Caballero-Español-Raul-Gonzalez-Real-Madridphoto_2017-04-11_18-18-37a-213x300.jpg

TunaEspaña-Don-Dudo-Caballero-Español-Raul-Gonzalez-Real-Madridphoto_2017-04-11_18-18-37a.jpg

https://www.tunaespana.es/wp-content/uploads/2016/12/TunaEspaña-Don-Dudo-Caballero-Español-Raul-Gonzalez-Real-Madridphoto_2017-04-11_18-18-37a.jpg
