{"id":32407,"date":"2017-08-31T09:03:09","date_gmt":"2017-08-31T09:03:09","guid":{"rendered":"http:\/\/www.tunaespana.es\/wp-content\/uploads\/2014\/01\/TunaEspa\u00f1a-Carlos-Espinosa-Celdran-Don-Dudo-Belen-Delegacion-de-Gobierno-de-Espa\u00f1a-3.jpg"},"modified":"2017-08-31T09:03:09","modified_gmt":"2017-08-31T09:03:09","slug":"tunaespana-carlos-espinosa-celdran-don-dudo-belen-delegacion-de-gobierno-de-espana-4","status":"inherit","type":"attachment","link":"https:\/\/www.tunaespana.es\/?attachment_id=32407","title":{"rendered":"TunaEspa\u00f1a, Carlos Espinosa Celdran, Don Dudo, Belen, Delegacion de Gobierno de Espa\u00f1a"},"author":2,"comment_status":"closed","ping_status":"closed","template":"","meta":[],"description":{"rendered":"<p class=\"attachment\"><a href='https:\/\/www.tunaespana.es\/wp-content\/uploads\/2014\/01\/TunaEspa\u00f1a-Carlos-Espinosa-Celdran-Don-Dudo-Belen-Delegacion-de-Gobierno-de-Espa\u00f1a-3.jpg'><img width=\"300\" height=\"213\" src=\"https:\/\/www.tunaespana.es\/wp-content\/uploads\/2014\/01\/TunaEspa\u00f1a-Carlos-Espinosa-Celdran-Don-Dudo-Belen-Delegacion-de-Gobierno-de-Espa\u00f1a-3-300x213.jpg\" class=\"attachment-medium size-medium\" alt=\"\" decoding=\"async\" loading=\"lazy\" srcset=\"https:\/\/www.tunaespana.es\/wp-content\/uploads\/2014\/01\/TunaEspa\u00f1a-Carlos-Espinosa-Celdran-Don-Dudo-Belen-Delegacion-de-Gobierno-de-Espa\u00f1a-3-300x213.jpg 300w, https:\/\/www.tunaespana.es\/wp-content\/uploads\/2014\/01\/TunaEspa\u00f1a-Carlos-Espinosa-Celdran-Don-Dudo-Belen-Delegacion-de-Gobierno-de-Espa\u00f1a-3.jpg 694w\" sizes=\"(max-width: 300px) 100vw, 300px\" \/><\/a><\/p>\n"},"caption":{"rendered":""},"alt_text":"","media_type":"image","mime_type":"image\/jpeg","media_details":{"width":694,"height":492,"file":"2014\/01\/TunaEspa\u00f1a-Carlos-Espinosa-Celdran-Don-Dudo-Belen-Delegacion-de-Gobierno-de-Espa\u00f1a-3.jpg","sizes":{"thumbnail":{"file":"TunaEspa\u00f1a-Carlos-Espinosa-Celdran-Don-Dudo-Belen-Delegacion-de-Gobierno-de-Espa\u00f1a-3-150x150.jpg","width":150,"height":150,"mime_type":"image\/jpeg","source_url":"https:\/\/www.tunaespana.es\/wp-content\/uploads\/2014\/01\/TunaEspa\u00f1a-Carlos-Espinosa-Celdran-Don-Dudo-Belen-Delegacion-de-Gobierno-de-Espa\u00f1a-3-150x150.jpg"},"medium":{"file":"TunaEspa\u00f1a-Carlos-Espinosa-Celdran-Don-Dudo-Belen-Delegacion-de-Gobierno-de-Espa\u00f1a-3-300x213.jpg","width":300,"height":213,"mime_type":"image\/jpeg","source_url":"https:\/\/www.tunaespana.es\/wp-content\/uploads\/2014\/01\/TunaEspa\u00f1a-Carlos-Espinosa-Celdran-Don-Dudo-Belen-Delegacion-de-Gobierno-de-Espa\u00f1a-3-300x213.jpg"},"full":{"file":"TunaEspa\u00f1a-Carlos-Espinosa-Celdran-Don-Dudo-Belen-Delegacion-de-Gobierno-de-Espa\u00f1a-3.jpg","width":694,"height":492,"mime_type":"image\/jpeg","source_url":"https:\/\/www.tunaespana.es\/wp-content\/uploads\/2014\/01\/TunaEspa\u00f1a-Carlos-Espinosa-Celdran-Don-Dudo-Belen-Delegacion-de-Gobierno-de-Espa\u00f1a-3.jpg"}},"image_meta":{"aperture":"0","credit":"","camera":"","caption":"","created_timestamp":"0","copyright":"","focal_length":"0","iso":"0","shutter_speed":"0","title":"","orientation":"0","keywords":[]}},"post":23223,"source_url":"https:\/\/www.tunaespana.es\/wp-content\/uploads\/2014\/01\/TunaEspa\u00f1a-Carlos-Espinosa-Celdran-Don-Dudo-Belen-Delegacion-de-Gobierno-de-Espa\u00f1a-3.jpg","_links":{"self":[{"href":"https:\/\/www.tunaespana.es\/index.php?rest_route=\/wp\/v2\/media\/32407"}],"collection":[{"href":"https:\/\/www.tunaespana.es\/index.php?rest_route=\/wp\/v2\/media"}],"about":[{"href":"https:\/\/www.tunaespana.es\/index.php?rest_route=\/wp\/v2\/types\/attachment"}],"author":[{"embeddable":true,"href":"https:\/\/www.tunaespana.es\/index.php?rest_route=\/wp\/v2\/users\/2"}],"replies":[{"embeddable":true,"href":"https:\/\/www.tunaespana.es\/index.php?rest_route=%2Fwp%2Fv2%2Fcomments&post=32407"}]}}

http://www.tunaespana.es/wp-content/uploads/2014/01/TunaEspaña-Carlos-Espinosa-Celdran-Don-Dudo-Belen-Delegacion-de-Gobierno-de-España-3.jpg

TunaEspaña, Carlos Espinosa Celdran, Don Dudo, Belen, Delegacion de Gobierno de España

<p class="attachment"><a href='https://www.tunaespana.es/wp-content/uploads/2014/01/TunaEspaña-Carlos-Espinosa-Celdran-Don-Dudo-Belen-Delegacion-de-Gobierno-de-España-3.jpg'><img width="300" height="213" src="https://www.tunaespana.es/wp-content/uploads/2014/01/TunaEspaña-Carlos-Espinosa-Celdran-Don-Dudo-Belen-Delegacion-de-Gobierno-de-España-3-300x213.jpg" class="attachment-medium size-medium" alt="" decoding="async" loading="lazy" srcset="https://www.tunaespana.es/wp-content/uploads/2014/01/TunaEspaña-Carlos-Espinosa-Celdran-Don-Dudo-Belen-Delegacion-de-Gobierno-de-España-3-300x213.jpg 300w, https://www.tunaespana.es/wp-content/uploads/2014/01/TunaEspaña-Carlos-Espinosa-Celdran-Don-Dudo-Belen-Delegacion-de-Gobierno-de-España-3.jpg 694w" sizes="(max-width: 300px) 100vw, 300px" /></a></p>

2014/01/TunaEspaña-Carlos-Espinosa-Celdran-Don-Dudo-Belen-Delegacion-de-Gobierno-de-España-3.jpg

TunaEspaña-Carlos-Espinosa-Celdran-Don-Dudo-Belen-Delegacion-de-Gobierno-de-España-3-150x150.jpg

https://www.tunaespana.es/wp-content/uploads/2014/01/TunaEspaña-Carlos-Espinosa-Celdran-Don-Dudo-Belen-Delegacion-de-Gobierno-de-España-3-150x150.jpg

TunaEspaña-Carlos-Espinosa-Celdran-Don-Dudo-Belen-Delegacion-de-Gobierno-de-España-3-300x213.jpg

https://www.tunaespana.es/wp-content/uploads/2014/01/TunaEspaña-Carlos-Espinosa-Celdran-Don-Dudo-Belen-Delegacion-de-Gobierno-de-España-3-300x213.jpg

TunaEspaña-Carlos-Espinosa-Celdran-Don-Dudo-Belen-Delegacion-de-Gobierno-de-España-3.jpg

https://www.tunaespana.es/wp-content/uploads/2014/01/TunaEspaña-Carlos-Espinosa-Celdran-Don-Dudo-Belen-Delegacion-de-Gobierno-de-España-3.jpg
