{"id":32946,"date":"2018-03-15T17:17:13","date_gmt":"2018-03-15T17:17:13","guid":{"rendered":"http:\/\/www.tunaespana.es\/wp-content\/uploads\/2016\/03\/TunaEspa\u00f1a-Tuna-Espa\u00f1a-DonDudo-Don-Dudo-Carlos-Espinosa-Celdran-Granada-Dism-Virge-de-las-Angustias-1.jpg"},"modified":"2018-03-15T17:17:13","modified_gmt":"2018-03-15T17:17:13","slug":"tunaespana-tuna-espana-dondudo-don-dudo-carlos-espinosa-celdran-granada-dism-virge-de-las-angustias-1","status":"inherit","type":"attachment","link":"https:\/\/www.tunaespana.es\/?attachment_id=32946","title":{"rendered":"TunaEspa\u00f1a-Tuna-Espa\u00f1a-DonDudo-Don-Dudo-Carlos-Espinosa-Celdran-Granada-Dism-Virge-de-las-Angustias-1"},"author":2,"comment_status":"closed","ping_status":"closed","template":"","meta":[],"description":{"rendered":"<p class=\"attachment\"><a href='https:\/\/www.tunaespana.es\/wp-content\/uploads\/2016\/03\/TunaEspa\u00f1a-Tuna-Espa\u00f1a-DonDudo-Don-Dudo-Carlos-Espinosa-Celdran-Granada-Dism-Virge-de-las-Angustias-1.jpg'><img width=\"212\" height=\"300\" src=\"https:\/\/www.tunaespana.es\/wp-content\/uploads\/2016\/03\/TunaEspa\u00f1a-Tuna-Espa\u00f1a-DonDudo-Don-Dudo-Carlos-Espinosa-Celdran-Granada-Dism-Virge-de-las-Angustias-1-212x300.jpg\" class=\"attachment-medium size-medium\" alt=\"\" decoding=\"async\" loading=\"lazy\" srcset=\"https:\/\/www.tunaespana.es\/wp-content\/uploads\/2016\/03\/TunaEspa\u00f1a-Tuna-Espa\u00f1a-DonDudo-Don-Dudo-Carlos-Espinosa-Celdran-Granada-Dism-Virge-de-las-Angustias-1-212x300.jpg 212w, https:\/\/www.tunaespana.es\/wp-content\/uploads\/2016\/03\/TunaEspa\u00f1a-Tuna-Espa\u00f1a-DonDudo-Don-Dudo-Carlos-Espinosa-Celdran-Granada-Dism-Virge-de-las-Angustias-1.jpg 564w\" sizes=\"(max-width: 212px) 100vw, 212px\" \/><\/a><\/p>\n"},"caption":{"rendered":""},"alt_text":"","media_type":"image","mime_type":"image\/jpeg","media_details":{"width":564,"height":799,"file":"2016\/03\/TunaEspa\u00f1a-Tuna-Espa\u00f1a-DonDudo-Don-Dudo-Carlos-Espinosa-Celdran-Granada-Dism-Virge-de-las-Angustias-1.jpg","sizes":{"thumbnail":{"file":"TunaEspa\u00f1a-Tuna-Espa\u00f1a-DonDudo-Don-Dudo-Carlos-Espinosa-Celdran-Granada-Dism-Virge-de-las-Angustias-1-150x150.jpg","width":150,"height":150,"mime_type":"image\/jpeg","source_url":"https:\/\/www.tunaespana.es\/wp-content\/uploads\/2016\/03\/TunaEspa\u00f1a-Tuna-Espa\u00f1a-DonDudo-Don-Dudo-Carlos-Espinosa-Celdran-Granada-Dism-Virge-de-las-Angustias-1-150x150.jpg"},"medium":{"file":"TunaEspa\u00f1a-Tuna-Espa\u00f1a-DonDudo-Don-Dudo-Carlos-Espinosa-Celdran-Granada-Dism-Virge-de-las-Angustias-1-212x300.jpg","width":212,"height":300,"mime_type":"image\/jpeg","source_url":"https:\/\/www.tunaespana.es\/wp-content\/uploads\/2016\/03\/TunaEspa\u00f1a-Tuna-Espa\u00f1a-DonDudo-Don-Dudo-Carlos-Espinosa-Celdran-Granada-Dism-Virge-de-las-Angustias-1-212x300.jpg"},"full":{"file":"TunaEspa\u00f1a-Tuna-Espa\u00f1a-DonDudo-Don-Dudo-Carlos-Espinosa-Celdran-Granada-Dism-Virge-de-las-Angustias-1.jpg","width":564,"height":799,"mime_type":"image\/jpeg","source_url":"https:\/\/www.tunaespana.es\/wp-content\/uploads\/2016\/03\/TunaEspa\u00f1a-Tuna-Espa\u00f1a-DonDudo-Don-Dudo-Carlos-Espinosa-Celdran-Granada-Dism-Virge-de-las-Angustias-1.jpg"}},"image_meta":{"aperture":"0","credit":"","camera":"","caption":"","created_timestamp":"0","copyright":"","focal_length":"0","iso":"0","shutter_speed":"0","title":"","orientation":"0","keywords":[]}},"post":30944,"source_url":"https:\/\/www.tunaespana.es\/wp-content\/uploads\/2016\/03\/TunaEspa\u00f1a-Tuna-Espa\u00f1a-DonDudo-Don-Dudo-Carlos-Espinosa-Celdran-Granada-Dism-Virge-de-las-Angustias-1.jpg","_links":{"self":[{"href":"https:\/\/www.tunaespana.es\/index.php?rest_route=\/wp\/v2\/media\/32946"}],"collection":[{"href":"https:\/\/www.tunaespana.es\/index.php?rest_route=\/wp\/v2\/media"}],"about":[{"href":"https:\/\/www.tunaespana.es\/index.php?rest_route=\/wp\/v2\/types\/attachment"}],"author":[{"embeddable":true,"href":"https:\/\/www.tunaespana.es\/index.php?rest_route=\/wp\/v2\/users\/2"}],"replies":[{"embeddable":true,"href":"https:\/\/www.tunaespana.es\/index.php?rest_route=%2Fwp%2Fv2%2Fcomments&post=32946"}]}}

http://www.tunaespana.es/wp-content/uploads/2016/03/TunaEspaña-Tuna-España-DonDudo-Don-Dudo-Carlos-Espinosa-Celdran-Granada-Dism-Virge-de-las-Angustias-1.jpg

TunaEspaña-Tuna-España-DonDudo-Don-Dudo-Carlos-Espinosa-Celdran-Granada-Dism-Virge-de-las-Angustias-1

<p class="attachment"><a href='https://www.tunaespana.es/wp-content/uploads/2016/03/TunaEspaña-Tuna-España-DonDudo-Don-Dudo-Carlos-Espinosa-Celdran-Granada-Dism-Virge-de-las-Angustias-1.jpg'><img width="212" height="300" src="https://www.tunaespana.es/wp-content/uploads/2016/03/TunaEspaña-Tuna-España-DonDudo-Don-Dudo-Carlos-Espinosa-Celdran-Granada-Dism-Virge-de-las-Angustias-1-212x300.jpg" class="attachment-medium size-medium" alt="" decoding="async" loading="lazy" srcset="https://www.tunaespana.es/wp-content/uploads/2016/03/TunaEspaña-Tuna-España-DonDudo-Don-Dudo-Carlos-Espinosa-Celdran-Granada-Dism-Virge-de-las-Angustias-1-212x300.jpg 212w, https://www.tunaespana.es/wp-content/uploads/2016/03/TunaEspaña-Tuna-España-DonDudo-Don-Dudo-Carlos-Espinosa-Celdran-Granada-Dism-Virge-de-las-Angustias-1.jpg 564w" sizes="(max-width: 212px) 100vw, 212px" /></a></p>

2016/03/TunaEspaña-Tuna-España-DonDudo-Don-Dudo-Carlos-Espinosa-Celdran-Granada-Dism-Virge-de-las-Angustias-1.jpg

TunaEspaña-Tuna-España-DonDudo-Don-Dudo-Carlos-Espinosa-Celdran-Granada-Dism-Virge-de-las-Angustias-1-150x150.jpg

https://www.tunaespana.es/wp-content/uploads/2016/03/TunaEspaña-Tuna-España-DonDudo-Don-Dudo-Carlos-Espinosa-Celdran-Granada-Dism-Virge-de-las-Angustias-1-150x150.jpg

TunaEspaña-Tuna-España-DonDudo-Don-Dudo-Carlos-Espinosa-Celdran-Granada-Dism-Virge-de-las-Angustias-1-212x300.jpg

https://www.tunaespana.es/wp-content/uploads/2016/03/TunaEspaña-Tuna-España-DonDudo-Don-Dudo-Carlos-Espinosa-Celdran-Granada-Dism-Virge-de-las-Angustias-1-212x300.jpg

TunaEspaña-Tuna-España-DonDudo-Don-Dudo-Carlos-Espinosa-Celdran-Granada-Dism-Virge-de-las-Angustias-1.jpg

https://www.tunaespana.es/wp-content/uploads/2016/03/TunaEspaña-Tuna-España-DonDudo-Don-Dudo-Carlos-Espinosa-Celdran-Granada-Dism-Virge-de-las-Angustias-1.jpg
