{"id":33017,"date":"2018-03-31T11:17:35","date_gmt":"2018-03-31T11:17:35","guid":{"rendered":"http:\/\/www.tunaespana.es\/wp-content\/uploads\/2018\/03\/Tuna-Magisterio-MurciaTunaEspa\u00f1a-Carlos-Espinosa-Celdran-Don-Dudo-Ni\u00f1a-Definitivo-balcon-definitivo-El-Sospe-El-Boy-El-corcho.jpg"},"modified":"2018-03-31T11:17:35","modified_gmt":"2018-03-31T11:17:35","slug":"tuna-magisterio-murciatunaespana-carlos-espinosa-celdran-don-dudo-nina-definitivo-balcon-definitivo-el-sospe-el-boy-el-corcho","status":"inherit","type":"attachment","link":"https:\/\/www.tunaespana.es\/?attachment_id=33017","title":{"rendered":"Tuna Magisterio Murcia,TunaEspa\u00f1a, Carlos Espinosa Celdran, Don Dudo, Ni\u00f1a Definitivo, balcon, definitivo, El Sospe, El Boy, El corcho"},"author":2,"comment_status":"closed","ping_status":"closed","template":"","meta":[],"description":{"rendered":"<p class=\"attachment\"><a href='https:\/\/www.tunaespana.es\/wp-content\/uploads\/2018\/03\/Tuna-Magisterio-MurciaTunaEspa\u00f1a-Carlos-Espinosa-Celdran-Don-Dudo-Ni\u00f1a-Definitivo-balcon-definitivo-El-Sospe-El-Boy-El-corcho.jpg'><img width=\"212\" height=\"300\" src=\"https:\/\/www.tunaespana.es\/wp-content\/uploads\/2018\/03\/Tuna-Magisterio-MurciaTunaEspa\u00f1a-Carlos-Espinosa-Celdran-Don-Dudo-Ni\u00f1a-Definitivo-balcon-definitivo-El-Sospe-El-Boy-El-corcho-212x300.jpg\" class=\"attachment-medium size-medium\" alt=\"\" decoding=\"async\" loading=\"lazy\" srcset=\"https:\/\/www.tunaespana.es\/wp-content\/uploads\/2018\/03\/Tuna-Magisterio-MurciaTunaEspa\u00f1a-Carlos-Espinosa-Celdran-Don-Dudo-Ni\u00f1a-Definitivo-balcon-definitivo-El-Sospe-El-Boy-El-corcho-212x300.jpg 212w, https:\/\/www.tunaespana.es\/wp-content\/uploads\/2018\/03\/Tuna-Magisterio-MurciaTunaEspa\u00f1a-Carlos-Espinosa-Celdran-Don-Dudo-Ni\u00f1a-Definitivo-balcon-definitivo-El-Sospe-El-Boy-El-corcho.jpg 616w\" sizes=\"(max-width: 212px) 100vw, 212px\" \/><\/a><\/p>\n"},"caption":{"rendered":""},"alt_text":"","media_type":"image","mime_type":"image\/jpeg","media_details":{"width":616,"height":871,"file":"2018\/03\/Tuna-Magisterio-MurciaTunaEspa\u00f1a-Carlos-Espinosa-Celdran-Don-Dudo-Ni\u00f1a-Definitivo-balcon-definitivo-El-Sospe-El-Boy-El-corcho.jpg","sizes":{"thumbnail":{"file":"Tuna-Magisterio-MurciaTunaEspa\u00f1a-Carlos-Espinosa-Celdran-Don-Dudo-Ni\u00f1a-Definitivo-balcon-definitivo-El-Sospe-El-Boy-El-corcho-150x150.jpg","width":150,"height":150,"mime_type":"image\/jpeg","source_url":"https:\/\/www.tunaespana.es\/wp-content\/uploads\/2018\/03\/Tuna-Magisterio-MurciaTunaEspa\u00f1a-Carlos-Espinosa-Celdran-Don-Dudo-Ni\u00f1a-Definitivo-balcon-definitivo-El-Sospe-El-Boy-El-corcho-150x150.jpg"},"medium":{"file":"Tuna-Magisterio-MurciaTunaEspa\u00f1a-Carlos-Espinosa-Celdran-Don-Dudo-Ni\u00f1a-Definitivo-balcon-definitivo-El-Sospe-El-Boy-El-corcho-212x300.jpg","width":212,"height":300,"mime_type":"image\/jpeg","source_url":"https:\/\/www.tunaespana.es\/wp-content\/uploads\/2018\/03\/Tuna-Magisterio-MurciaTunaEspa\u00f1a-Carlos-Espinosa-Celdran-Don-Dudo-Ni\u00f1a-Definitivo-balcon-definitivo-El-Sospe-El-Boy-El-corcho-212x300.jpg"},"full":{"file":"Tuna-Magisterio-MurciaTunaEspa\u00f1a-Carlos-Espinosa-Celdran-Don-Dudo-Ni\u00f1a-Definitivo-balcon-definitivo-El-Sospe-El-Boy-El-corcho.jpg","width":616,"height":871,"mime_type":"image\/jpeg","source_url":"https:\/\/www.tunaespana.es\/wp-content\/uploads\/2018\/03\/Tuna-Magisterio-MurciaTunaEspa\u00f1a-Carlos-Espinosa-Celdran-Don-Dudo-Ni\u00f1a-Definitivo-balcon-definitivo-El-Sospe-El-Boy-El-corcho.jpg"}},"image_meta":{"aperture":"0","credit":"","camera":"","caption":"","created_timestamp":"0","copyright":"","focal_length":"0","iso":"0","shutter_speed":"0","title":"","orientation":"0","keywords":[]}},"post":32996,"source_url":"https:\/\/www.tunaespana.es\/wp-content\/uploads\/2018\/03\/Tuna-Magisterio-MurciaTunaEspa\u00f1a-Carlos-Espinosa-Celdran-Don-Dudo-Ni\u00f1a-Definitivo-balcon-definitivo-El-Sospe-El-Boy-El-corcho.jpg","_links":{"self":[{"href":"https:\/\/www.tunaespana.es\/index.php?rest_route=\/wp\/v2\/media\/33017"}],"collection":[{"href":"https:\/\/www.tunaespana.es\/index.php?rest_route=\/wp\/v2\/media"}],"about":[{"href":"https:\/\/www.tunaespana.es\/index.php?rest_route=\/wp\/v2\/types\/attachment"}],"author":[{"embeddable":true,"href":"https:\/\/www.tunaespana.es\/index.php?rest_route=\/wp\/v2\/users\/2"}],"replies":[{"embeddable":true,"href":"https:\/\/www.tunaespana.es\/index.php?rest_route=%2Fwp%2Fv2%2Fcomments&post=33017"}]}}

http://www.tunaespana.es/wp-content/uploads/2018/03/Tuna-Magisterio-MurciaTunaEspaña-Carlos-Espinosa-Celdran-Don-Dudo-Niña-Definitivo-balcon-definitivo-El-Sospe-El-Boy-El-corcho.jpg

Tuna Magisterio Murcia,TunaEspaña, Carlos Espinosa Celdran, Don Dudo, Niña Definitivo, balcon, definitivo, El Sospe, El Boy, El corcho

<p class="attachment"><a href='https://www.tunaespana.es/wp-content/uploads/2018/03/Tuna-Magisterio-MurciaTunaEspaña-Carlos-Espinosa-Celdran-Don-Dudo-Niña-Definitivo-balcon-definitivo-El-Sospe-El-Boy-El-corcho.jpg'><img width="212" height="300" src="https://www.tunaespana.es/wp-content/uploads/2018/03/Tuna-Magisterio-MurciaTunaEspaña-Carlos-Espinosa-Celdran-Don-Dudo-Niña-Definitivo-balcon-definitivo-El-Sospe-El-Boy-El-corcho-212x300.jpg" class="attachment-medium size-medium" alt="" decoding="async" loading="lazy" srcset="https://www.tunaespana.es/wp-content/uploads/2018/03/Tuna-Magisterio-MurciaTunaEspaña-Carlos-Espinosa-Celdran-Don-Dudo-Niña-Definitivo-balcon-definitivo-El-Sospe-El-Boy-El-corcho-212x300.jpg 212w, https://www.tunaespana.es/wp-content/uploads/2018/03/Tuna-Magisterio-MurciaTunaEspaña-Carlos-Espinosa-Celdran-Don-Dudo-Niña-Definitivo-balcon-definitivo-El-Sospe-El-Boy-El-corcho.jpg 616w" sizes="(max-width: 212px) 100vw, 212px" /></a></p>

2018/03/Tuna-Magisterio-MurciaTunaEspaña-Carlos-Espinosa-Celdran-Don-Dudo-Niña-Definitivo-balcon-definitivo-El-Sospe-El-Boy-El-corcho.jpg

Tuna-Magisterio-MurciaTunaEspaña-Carlos-Espinosa-Celdran-Don-Dudo-Niña-Definitivo-balcon-definitivo-El-Sospe-El-Boy-El-corcho-150x150.jpg

https://www.tunaespana.es/wp-content/uploads/2018/03/Tuna-Magisterio-MurciaTunaEspaña-Carlos-Espinosa-Celdran-Don-Dudo-Niña-Definitivo-balcon-definitivo-El-Sospe-El-Boy-El-corcho-150x150.jpg

Tuna-Magisterio-MurciaTunaEspaña-Carlos-Espinosa-Celdran-Don-Dudo-Niña-Definitivo-balcon-definitivo-El-Sospe-El-Boy-El-corcho-212x300.jpg

https://www.tunaespana.es/wp-content/uploads/2018/03/Tuna-Magisterio-MurciaTunaEspaña-Carlos-Espinosa-Celdran-Don-Dudo-Niña-Definitivo-balcon-definitivo-El-Sospe-El-Boy-El-corcho-212x300.jpg

Tuna-Magisterio-MurciaTunaEspaña-Carlos-Espinosa-Celdran-Don-Dudo-Niña-Definitivo-balcon-definitivo-El-Sospe-El-Boy-El-corcho.jpg

https://www.tunaespana.es/wp-content/uploads/2018/03/Tuna-Magisterio-MurciaTunaEspaña-Carlos-Espinosa-Celdran-Don-Dudo-Niña-Definitivo-balcon-definitivo-El-Sospe-El-Boy-El-corcho.jpg
