{"id":33065,"date":"2018-04-15T16:41:18","date_gmt":"2018-04-15T16:41:18","guid":{"rendered":"http:\/\/www.tunaespana.es\/wp-content\/uploads\/2018\/03\/TunaEspa\u00f1a-Carlos-Espinosa-Celdran-Don-DudoCapilla-Real-de-Los-Reyes-Cat\u00f3licos20.jpg"},"modified":"2018-04-15T16:41:18","modified_gmt":"2018-04-15T16:41:18","slug":"tunaespana-carlos-espinosa-celdran-don-dudocapilla-real-de-los-reyes-catolicos20","status":"inherit","type":"attachment","link":"https:\/\/www.tunaespana.es\/?attachment_id=33065","title":{"rendered":"TunaEspa\u00f1a, Carlos Espinosa Celdran, Don Dudo,Capilla Real de Los Reyes Cat\u00f3licos,20"},"author":2,"comment_status":"closed","ping_status":"closed","template":"","meta":[],"description":{"rendered":"<p class=\"attachment\"><a href='https:\/\/www.tunaespana.es\/wp-content\/uploads\/2018\/03\/TunaEspa\u00f1a-Carlos-Espinosa-Celdran-Don-DudoCapilla-Real-de-Los-Reyes-Cat\u00f3licos20.jpg'><img width=\"300\" height=\"182\" src=\"https:\/\/www.tunaespana.es\/wp-content\/uploads\/2018\/03\/TunaEspa\u00f1a-Carlos-Espinosa-Celdran-Don-DudoCapilla-Real-de-Los-Reyes-Cat\u00f3licos20-300x182.jpg\" class=\"attachment-medium size-medium\" alt=\"\" decoding=\"async\" loading=\"lazy\" srcset=\"https:\/\/www.tunaespana.es\/wp-content\/uploads\/2018\/03\/TunaEspa\u00f1a-Carlos-Espinosa-Celdran-Don-DudoCapilla-Real-de-Los-Reyes-Cat\u00f3licos20-300x182.jpg 300w, https:\/\/www.tunaespana.es\/wp-content\/uploads\/2018\/03\/TunaEspa\u00f1a-Carlos-Espinosa-Celdran-Don-DudoCapilla-Real-de-Los-Reyes-Cat\u00f3licos20.jpg 689w\" sizes=\"(max-width: 300px) 100vw, 300px\" \/><\/a><\/p>\n"},"caption":{"rendered":""},"alt_text":"","media_type":"image","mime_type":"image\/jpeg","media_details":{"width":689,"height":419,"file":"2018\/03\/TunaEspa\u00f1a-Carlos-Espinosa-Celdran-Don-DudoCapilla-Real-de-Los-Reyes-Cat\u00f3licos20.jpg","sizes":{"thumbnail":{"file":"TunaEspa\u00f1a-Carlos-Espinosa-Celdran-Don-DudoCapilla-Real-de-Los-Reyes-Cat\u00f3licos20-150x150.jpg","width":150,"height":150,"mime_type":"image\/jpeg","source_url":"https:\/\/www.tunaespana.es\/wp-content\/uploads\/2018\/03\/TunaEspa\u00f1a-Carlos-Espinosa-Celdran-Don-DudoCapilla-Real-de-Los-Reyes-Cat\u00f3licos20-150x150.jpg"},"medium":{"file":"TunaEspa\u00f1a-Carlos-Espinosa-Celdran-Don-DudoCapilla-Real-de-Los-Reyes-Cat\u00f3licos20-300x182.jpg","width":300,"height":182,"mime_type":"image\/jpeg","source_url":"https:\/\/www.tunaespana.es\/wp-content\/uploads\/2018\/03\/TunaEspa\u00f1a-Carlos-Espinosa-Celdran-Don-DudoCapilla-Real-de-Los-Reyes-Cat\u00f3licos20-300x182.jpg"},"full":{"file":"TunaEspa\u00f1a-Carlos-Espinosa-Celdran-Don-DudoCapilla-Real-de-Los-Reyes-Cat\u00f3licos20.jpg","width":689,"height":419,"mime_type":"image\/jpeg","source_url":"https:\/\/www.tunaespana.es\/wp-content\/uploads\/2018\/03\/TunaEspa\u00f1a-Carlos-Espinosa-Celdran-Don-DudoCapilla-Real-de-Los-Reyes-Cat\u00f3licos20.jpg"}},"image_meta":{"aperture":"0","credit":"","camera":"","caption":"","created_timestamp":"0","copyright":"","focal_length":"0","iso":"0","shutter_speed":"0","title":"","orientation":"0","keywords":[]}},"post":32954,"source_url":"https:\/\/www.tunaespana.es\/wp-content\/uploads\/2018\/03\/TunaEspa\u00f1a-Carlos-Espinosa-Celdran-Don-DudoCapilla-Real-de-Los-Reyes-Cat\u00f3licos20.jpg","_links":{"self":[{"href":"https:\/\/www.tunaespana.es\/index.php?rest_route=\/wp\/v2\/media\/33065"}],"collection":[{"href":"https:\/\/www.tunaespana.es\/index.php?rest_route=\/wp\/v2\/media"}],"about":[{"href":"https:\/\/www.tunaespana.es\/index.php?rest_route=\/wp\/v2\/types\/attachment"}],"author":[{"embeddable":true,"href":"https:\/\/www.tunaespana.es\/index.php?rest_route=\/wp\/v2\/users\/2"}],"replies":[{"embeddable":true,"href":"https:\/\/www.tunaespana.es\/index.php?rest_route=%2Fwp%2Fv2%2Fcomments&post=33065"}]}}

http://www.tunaespana.es/wp-content/uploads/2018/03/TunaEspaña-Carlos-Espinosa-Celdran-Don-DudoCapilla-Real-de-Los-Reyes-Católicos20.jpg

TunaEspaña, Carlos Espinosa Celdran, Don Dudo,Capilla Real de Los Reyes Católicos,20

<p class="attachment"><a href='https://www.tunaespana.es/wp-content/uploads/2018/03/TunaEspaña-Carlos-Espinosa-Celdran-Don-DudoCapilla-Real-de-Los-Reyes-Católicos20.jpg'><img width="300" height="182" src="https://www.tunaespana.es/wp-content/uploads/2018/03/TunaEspaña-Carlos-Espinosa-Celdran-Don-DudoCapilla-Real-de-Los-Reyes-Católicos20-300x182.jpg" class="attachment-medium size-medium" alt="" decoding="async" loading="lazy" srcset="https://www.tunaespana.es/wp-content/uploads/2018/03/TunaEspaña-Carlos-Espinosa-Celdran-Don-DudoCapilla-Real-de-Los-Reyes-Católicos20-300x182.jpg 300w, https://www.tunaespana.es/wp-content/uploads/2018/03/TunaEspaña-Carlos-Espinosa-Celdran-Don-DudoCapilla-Real-de-Los-Reyes-Católicos20.jpg 689w" sizes="(max-width: 300px) 100vw, 300px" /></a></p>

2018/03/TunaEspaña-Carlos-Espinosa-Celdran-Don-DudoCapilla-Real-de-Los-Reyes-Católicos20.jpg

TunaEspaña-Carlos-Espinosa-Celdran-Don-DudoCapilla-Real-de-Los-Reyes-Católicos20-150x150.jpg

https://www.tunaespana.es/wp-content/uploads/2018/03/TunaEspaña-Carlos-Espinosa-Celdran-Don-DudoCapilla-Real-de-Los-Reyes-Católicos20-150x150.jpg

TunaEspaña-Carlos-Espinosa-Celdran-Don-DudoCapilla-Real-de-Los-Reyes-Católicos20-300x182.jpg

https://www.tunaespana.es/wp-content/uploads/2018/03/TunaEspaña-Carlos-Espinosa-Celdran-Don-DudoCapilla-Real-de-Los-Reyes-Católicos20-300x182.jpg

TunaEspaña-Carlos-Espinosa-Celdran-Don-DudoCapilla-Real-de-Los-Reyes-Católicos20.jpg

https://www.tunaespana.es/wp-content/uploads/2018/03/TunaEspaña-Carlos-Espinosa-Celdran-Don-DudoCapilla-Real-de-Los-Reyes-Católicos20.jpg
