{"id":33366,"date":"2018-11-05T19:08:27","date_gmt":"2018-11-05T19:08:27","guid":{"rendered":"http:\/\/www.tunaespana.es\/wp-content\/uploads\/2012\/02\/TunaEspa\u00f1a-Don-Dudo-Juntamento-Vaticano-Embajada-de-Espa\u00f1a-Santa-SEde-Carlos-Igna.-Espinosa.jpg.jpg"},"modified":"2018-11-05T19:08:27","modified_gmt":"2018-11-05T19:08:27","slug":"tunaespana-don-dudo-juntamento-vaticano-embajada-de-espana-santa-sede-carlos-igna-espinosa-jpg","status":"inherit","type":"attachment","link":"https:\/\/www.tunaespana.es\/?attachment_id=33366","title":{"rendered":"TunaEspa\u00f1a-Don-Dudo-Juntamento-Vaticano-Embajada-de-Espa\u00f1a-Santa-SEde-Carlos-Igna.-Espinosa.jpg"},"author":2,"comment_status":"closed","ping_status":"closed","template":"","meta":[],"description":{"rendered":"<p class=\"attachment\"><a href='https:\/\/www.tunaespana.es\/wp-content\/uploads\/2012\/02\/TunaEspa\u00f1a-Don-Dudo-Juntamento-Vaticano-Embajada-de-Espa\u00f1a-Santa-SEde-Carlos-Igna.-Espinosa.jpg.jpg'><img width=\"300\" height=\"121\" src=\"https:\/\/www.tunaespana.es\/wp-content\/uploads\/2012\/02\/TunaEspa\u00f1a-Don-Dudo-Juntamento-Vaticano-Embajada-de-Espa\u00f1a-Santa-SEde-Carlos-Igna.-Espinosa.jpg-300x121.jpg\" class=\"attachment-medium size-medium\" alt=\"\" decoding=\"async\" loading=\"lazy\" srcset=\"https:\/\/www.tunaespana.es\/wp-content\/uploads\/2012\/02\/TunaEspa\u00f1a-Don-Dudo-Juntamento-Vaticano-Embajada-de-Espa\u00f1a-Santa-SEde-Carlos-Igna.-Espinosa.jpg-300x121.jpg 300w, https:\/\/www.tunaespana.es\/wp-content\/uploads\/2012\/02\/TunaEspa\u00f1a-Don-Dudo-Juntamento-Vaticano-Embajada-de-Espa\u00f1a-Santa-SEde-Carlos-Igna.-Espinosa.jpg.jpg 715w\" sizes=\"(max-width: 300px) 100vw, 300px\" \/><\/a><\/p>\n"},"caption":{"rendered":""},"alt_text":"","media_type":"image","mime_type":"image\/jpeg","media_details":{"width":715,"height":289,"file":"2012\/02\/TunaEspa\u00f1a-Don-Dudo-Juntamento-Vaticano-Embajada-de-Espa\u00f1a-Santa-SEde-Carlos-Igna.-Espinosa.jpg.jpg","sizes":{"thumbnail":{"file":"TunaEspa\u00f1a-Don-Dudo-Juntamento-Vaticano-Embajada-de-Espa\u00f1a-Santa-SEde-Carlos-Igna.-Espinosa.jpg-150x150.jpg","width":150,"height":150,"mime_type":"image\/jpeg","source_url":"https:\/\/www.tunaespana.es\/wp-content\/uploads\/2012\/02\/TunaEspa\u00f1a-Don-Dudo-Juntamento-Vaticano-Embajada-de-Espa\u00f1a-Santa-SEde-Carlos-Igna.-Espinosa.jpg-150x150.jpg"},"medium":{"file":"TunaEspa\u00f1a-Don-Dudo-Juntamento-Vaticano-Embajada-de-Espa\u00f1a-Santa-SEde-Carlos-Igna.-Espinosa.jpg-300x121.jpg","width":300,"height":121,"mime_type":"image\/jpeg","source_url":"https:\/\/www.tunaespana.es\/wp-content\/uploads\/2012\/02\/TunaEspa\u00f1a-Don-Dudo-Juntamento-Vaticano-Embajada-de-Espa\u00f1a-Santa-SEde-Carlos-Igna.-Espinosa.jpg-300x121.jpg"},"full":{"file":"TunaEspa\u00f1a-Don-Dudo-Juntamento-Vaticano-Embajada-de-Espa\u00f1a-Santa-SEde-Carlos-Igna.-Espinosa.jpg.jpg","width":715,"height":289,"mime_type":"image\/jpeg","source_url":"https:\/\/www.tunaespana.es\/wp-content\/uploads\/2012\/02\/TunaEspa\u00f1a-Don-Dudo-Juntamento-Vaticano-Embajada-de-Espa\u00f1a-Santa-SEde-Carlos-Igna.-Espinosa.jpg.jpg"}},"image_meta":{"aperture":"0","credit":"","camera":"","caption":"","created_timestamp":"0","copyright":"","focal_length":"0","iso":"0","shutter_speed":"0","title":"","orientation":"0","keywords":[]}},"post":11195,"source_url":"https:\/\/www.tunaespana.es\/wp-content\/uploads\/2012\/02\/TunaEspa\u00f1a-Don-Dudo-Juntamento-Vaticano-Embajada-de-Espa\u00f1a-Santa-SEde-Carlos-Igna.-Espinosa.jpg.jpg","_links":{"self":[{"href":"https:\/\/www.tunaespana.es\/index.php?rest_route=\/wp\/v2\/media\/33366"}],"collection":[{"href":"https:\/\/www.tunaespana.es\/index.php?rest_route=\/wp\/v2\/media"}],"about":[{"href":"https:\/\/www.tunaespana.es\/index.php?rest_route=\/wp\/v2\/types\/attachment"}],"author":[{"embeddable":true,"href":"https:\/\/www.tunaespana.es\/index.php?rest_route=\/wp\/v2\/users\/2"}],"replies":[{"embeddable":true,"href":"https:\/\/www.tunaespana.es\/index.php?rest_route=%2Fwp%2Fv2%2Fcomments&post=33366"}]}}

http://www.tunaespana.es/wp-content/uploads/2012/02/TunaEspaña-Don-Dudo-Juntamento-Vaticano-Embajada-de-España-Santa-SEde-Carlos-Igna.-Espinosa.jpg.jpg

TunaEspaña-Don-Dudo-Juntamento-Vaticano-Embajada-de-España-Santa-SEde-Carlos-Igna.-Espinosa.jpg

<p class="attachment"><a href='https://www.tunaespana.es/wp-content/uploads/2012/02/TunaEspaña-Don-Dudo-Juntamento-Vaticano-Embajada-de-España-Santa-SEde-Carlos-Igna.-Espinosa.jpg.jpg'><img width="300" height="121" src="https://www.tunaespana.es/wp-content/uploads/2012/02/TunaEspaña-Don-Dudo-Juntamento-Vaticano-Embajada-de-España-Santa-SEde-Carlos-Igna.-Espinosa.jpg-300x121.jpg" class="attachment-medium size-medium" alt="" decoding="async" loading="lazy" srcset="https://www.tunaespana.es/wp-content/uploads/2012/02/TunaEspaña-Don-Dudo-Juntamento-Vaticano-Embajada-de-España-Santa-SEde-Carlos-Igna.-Espinosa.jpg-300x121.jpg 300w, https://www.tunaespana.es/wp-content/uploads/2012/02/TunaEspaña-Don-Dudo-Juntamento-Vaticano-Embajada-de-España-Santa-SEde-Carlos-Igna.-Espinosa.jpg.jpg 715w" sizes="(max-width: 300px) 100vw, 300px" /></a></p>

2012/02/TunaEspaña-Don-Dudo-Juntamento-Vaticano-Embajada-de-España-Santa-SEde-Carlos-Igna.-Espinosa.jpg.jpg

TunaEspaña-Don-Dudo-Juntamento-Vaticano-Embajada-de-España-Santa-SEde-Carlos-Igna.-Espinosa.jpg-150x150.jpg

https://www.tunaespana.es/wp-content/uploads/2012/02/TunaEspaña-Don-Dudo-Juntamento-Vaticano-Embajada-de-España-Santa-SEde-Carlos-Igna.-Espinosa.jpg-150x150.jpg

TunaEspaña-Don-Dudo-Juntamento-Vaticano-Embajada-de-España-Santa-SEde-Carlos-Igna.-Espinosa.jpg-300x121.jpg

https://www.tunaespana.es/wp-content/uploads/2012/02/TunaEspaña-Don-Dudo-Juntamento-Vaticano-Embajada-de-España-Santa-SEde-Carlos-Igna.-Espinosa.jpg-300x121.jpg

TunaEspaña-Don-Dudo-Juntamento-Vaticano-Embajada-de-España-Santa-SEde-Carlos-Igna.-Espinosa.jpg.jpg

https://www.tunaespana.es/wp-content/uploads/2012/02/TunaEspaña-Don-Dudo-Juntamento-Vaticano-Embajada-de-España-Santa-SEde-Carlos-Igna.-Espinosa.jpg.jpg
