{"id":35078,"date":"2021-08-10T10:31:46","date_gmt":"2021-08-10T10:31:46","guid":{"rendered":"https:\/\/www.tunaespana.es\/wp-content\/uploads\/2020\/03\/TunaEspa\u00f1a-Padre-de-Don-oso-Tuna-SEU-la-Coru\u00f1a-1961.jpg"},"modified":"2021-08-10T10:31:46","modified_gmt":"2021-08-10T10:31:46","slug":"tunaespana-padre-de-don-oso-tuna-seu-la-coruna-1961","status":"inherit","type":"attachment","link":"https:\/\/www.tunaespana.es\/?attachment_id=35078","title":{"rendered":"TunaEspa\u00f1a, Padre de Don oso, Tuna SEU la Coru\u00f1a 1961"},"author":2,"comment_status":"closed","ping_status":"closed","template":"","meta":[],"description":{"rendered":"<p class=\"attachment\"><a href='https:\/\/www.tunaespana.es\/wp-content\/uploads\/2020\/03\/TunaEspa\u00f1a-Padre-de-Don-oso-Tuna-SEU-la-Coru\u00f1a-1961.jpg'><img width=\"300\" height=\"185\" src=\"https:\/\/www.tunaespana.es\/wp-content\/uploads\/2020\/03\/TunaEspa\u00f1a-Padre-de-Don-oso-Tuna-SEU-la-Coru\u00f1a-1961-300x185.jpg\" class=\"attachment-medium size-medium\" alt=\"\" decoding=\"async\" loading=\"lazy\" srcset=\"https:\/\/www.tunaespana.es\/wp-content\/uploads\/2020\/03\/TunaEspa\u00f1a-Padre-de-Don-oso-Tuna-SEU-la-Coru\u00f1a-1961-300x185.jpg 300w, https:\/\/www.tunaespana.es\/wp-content\/uploads\/2020\/03\/TunaEspa\u00f1a-Padre-de-Don-oso-Tuna-SEU-la-Coru\u00f1a-1961.jpg 369w\" sizes=\"(max-width: 300px) 100vw, 300px\" \/><\/a><\/p>\n"},"caption":{"rendered":""},"alt_text":"","media_type":"image","mime_type":"image\/jpeg","media_details":{"width":369,"height":228,"file":"2020\/03\/TunaEspa\u00f1a-Padre-de-Don-oso-Tuna-SEU-la-Coru\u00f1a-1961.jpg","sizes":{"thumbnail":{"file":"TunaEspa\u00f1a-Padre-de-Don-oso-Tuna-SEU-la-Coru\u00f1a-1961-150x150.jpg","width":150,"height":150,"mime_type":"image\/jpeg","source_url":"https:\/\/www.tunaespana.es\/wp-content\/uploads\/2020\/03\/TunaEspa\u00f1a-Padre-de-Don-oso-Tuna-SEU-la-Coru\u00f1a-1961-150x150.jpg"},"medium":{"file":"TunaEspa\u00f1a-Padre-de-Don-oso-Tuna-SEU-la-Coru\u00f1a-1961-300x185.jpg","width":300,"height":185,"mime_type":"image\/jpeg","source_url":"https:\/\/www.tunaespana.es\/wp-content\/uploads\/2020\/03\/TunaEspa\u00f1a-Padre-de-Don-oso-Tuna-SEU-la-Coru\u00f1a-1961-300x185.jpg"},"full":{"file":"TunaEspa\u00f1a-Padre-de-Don-oso-Tuna-SEU-la-Coru\u00f1a-1961.jpg","width":369,"height":228,"mime_type":"image\/jpeg","source_url":"https:\/\/www.tunaespana.es\/wp-content\/uploads\/2020\/03\/TunaEspa\u00f1a-Padre-de-Don-oso-Tuna-SEU-la-Coru\u00f1a-1961.jpg"}},"image_meta":{"aperture":"0","credit":"","camera":"","caption":"","created_timestamp":"0","copyright":"","focal_length":"0","iso":"0","shutter_speed":"0","title":"","orientation":"0","keywords":[]}},"post":33963,"source_url":"https:\/\/www.tunaespana.es\/wp-content\/uploads\/2020\/03\/TunaEspa\u00f1a-Padre-de-Don-oso-Tuna-SEU-la-Coru\u00f1a-1961.jpg","_links":{"self":[{"href":"https:\/\/www.tunaespana.es\/index.php?rest_route=\/wp\/v2\/media\/35078"}],"collection":[{"href":"https:\/\/www.tunaespana.es\/index.php?rest_route=\/wp\/v2\/media"}],"about":[{"href":"https:\/\/www.tunaespana.es\/index.php?rest_route=\/wp\/v2\/types\/attachment"}],"author":[{"embeddable":true,"href":"https:\/\/www.tunaespana.es\/index.php?rest_route=\/wp\/v2\/users\/2"}],"replies":[{"embeddable":true,"href":"https:\/\/www.tunaespana.es\/index.php?rest_route=%2Fwp%2Fv2%2Fcomments&post=35078"}]}}

https://www.tunaespana.es/wp-content/uploads/2020/03/TunaEspaña-Padre-de-Don-oso-Tuna-SEU-la-Coruña-1961.jpg

TunaEspaña, Padre de Don oso, Tuna SEU la Coruña 1961

<p class="attachment"><a href='https://www.tunaespana.es/wp-content/uploads/2020/03/TunaEspaña-Padre-de-Don-oso-Tuna-SEU-la-Coruña-1961.jpg'><img width="300" height="185" src="https://www.tunaespana.es/wp-content/uploads/2020/03/TunaEspaña-Padre-de-Don-oso-Tuna-SEU-la-Coruña-1961-300x185.jpg" class="attachment-medium size-medium" alt="" decoding="async" loading="lazy" srcset="https://www.tunaespana.es/wp-content/uploads/2020/03/TunaEspaña-Padre-de-Don-oso-Tuna-SEU-la-Coruña-1961-300x185.jpg 300w, https://www.tunaespana.es/wp-content/uploads/2020/03/TunaEspaña-Padre-de-Don-oso-Tuna-SEU-la-Coruña-1961.jpg 369w" sizes="(max-width: 300px) 100vw, 300px" /></a></p>

2020/03/TunaEspaña-Padre-de-Don-oso-Tuna-SEU-la-Coruña-1961.jpg

TunaEspaña-Padre-de-Don-oso-Tuna-SEU-la-Coruña-1961-150x150.jpg

https://www.tunaespana.es/wp-content/uploads/2020/03/TunaEspaña-Padre-de-Don-oso-Tuna-SEU-la-Coruña-1961-150x150.jpg

TunaEspaña-Padre-de-Don-oso-Tuna-SEU-la-Coruña-1961-300x185.jpg

https://www.tunaespana.es/wp-content/uploads/2020/03/TunaEspaña-Padre-de-Don-oso-Tuna-SEU-la-Coruña-1961-300x185.jpg

TunaEspaña-Padre-de-Don-oso-Tuna-SEU-la-Coruña-1961.jpg
