{"id":37945,"date":"2023-08-15T11:55:42","date_gmt":"2023-08-15T09:55:42","guid":{"rendered":"https:\/\/www.tunaespana.es\/wp-content\/uploads\/TunaEspana-San-Millan-de-la-Cogolla-Homenaje-a-la-Lengua-Espanola.jpg"},"modified":"2023-08-15T11:55:42","modified_gmt":"2023-08-15T09:55:42","slug":"tunaespana-san-millan-de-la-cogolla-homenaje-a-la-lengua-espanola","status":"inherit","type":"attachment","link":"https:\/\/www.tunaespana.es\/?attachment_id=37945","title":{"rendered":"TunaEspa\u00f1a, San Mill\u00e1n de la Cogolla, Homenaje a la Lengua Espa\u00f1ola"},"author":2,"comment_status":"","ping_status":"closed","template":"","meta":[],"description":{"rendered":"<p class=\"attachment\"><a href='https:\/\/www.tunaespana.es\/wp-content\/uploads\/TunaEspana-San-Millan-de-la-Cogolla-Homenaje-a-la-Lengua-Espanola.jpg'><img width=\"213\" height=\"300\" src=\"https:\/\/www.tunaespana.es\/wp-content\/uploads\/TunaEspana-San-Millan-de-la-Cogolla-Homenaje-a-la-Lengua-Espanola-213x300.jpg\" class=\"attachment-medium size-medium\" alt=\"\" decoding=\"async\" loading=\"lazy\" srcset=\"https:\/\/www.tunaespana.es\/wp-content\/uploads\/TunaEspana-San-Millan-de-la-Cogolla-Homenaje-a-la-Lengua-Espanola-213x300.jpg 213w, https:\/\/www.tunaespana.es\/wp-content\/uploads\/TunaEspana-San-Millan-de-la-Cogolla-Homenaje-a-la-Lengua-Espanola.jpg 566w\" sizes=\"(max-width: 213px) 100vw, 213px\" \/><\/a><\/p>\n"},"caption":{"rendered":""},"alt_text":"","media_type":"image","mime_type":"image\/jpeg","media_details":{"width":566,"height":797,"file":"TunaEspana-San-Millan-de-la-Cogolla-Homenaje-a-la-Lengua-Espanola.jpg","filesize":100682,"sizes":{"medium":{"file":"TunaEspana-San-Millan-de-la-Cogolla-Homenaje-a-la-Lengua-Espanola-213x300.jpg","width":213,"height":300,"filesize":20483,"mime_type":"image\/jpeg","source_url":"https:\/\/www.tunaespana.es\/wp-content\/uploads\/TunaEspana-San-Millan-de-la-Cogolla-Homenaje-a-la-Lengua-Espanola-213x300.jpg"},"thumbnail":{"file":"TunaEspana-San-Millan-de-la-Cogolla-Homenaje-a-la-Lengua-Espanola-150x150.jpg","width":150,"height":150,"filesize":8009,"mime_type":"image\/jpeg","source_url":"https:\/\/www.tunaespana.es\/wp-content\/uploads\/TunaEspana-San-Millan-de-la-Cogolla-Homenaje-a-la-Lengua-Espanola-150x150.jpg"},"full":{"file":"TunaEspana-San-Millan-de-la-Cogolla-Homenaje-a-la-Lengua-Espanola.jpg","width":566,"height":797,"mime_type":"image\/jpeg","source_url":"https:\/\/www.tunaespana.es\/wp-content\/uploads\/TunaEspana-San-Millan-de-la-Cogolla-Homenaje-a-la-Lengua-Espanola.jpg"}},"image_meta":{"aperture":"0","credit":"","camera":"","caption":"","created_timestamp":"0","copyright":"","focal_length":"0","iso":"0","shutter_speed":"0","title":"","orientation":"0","keywords":[]}},"post":35721,"source_url":"https:\/\/www.tunaespana.es\/wp-content\/uploads\/TunaEspana-San-Millan-de-la-Cogolla-Homenaje-a-la-Lengua-Espanola.jpg","_links":{"self":[{"href":"https:\/\/www.tunaespana.es\/index.php?rest_route=\/wp\/v2\/media\/37945"}],"collection":[{"href":"https:\/\/www.tunaespana.es\/index.php?rest_route=\/wp\/v2\/media"}],"about":[{"href":"https:\/\/www.tunaespana.es\/index.php?rest_route=\/wp\/v2\/types\/attachment"}],"author":[{"embeddable":true,"href":"https:\/\/www.tunaespana.es\/index.php?rest_route=\/wp\/v2\/users\/2"}],"replies":[{"embeddable":true,"href":"https:\/\/www.tunaespana.es\/index.php?rest_route=%2Fwp%2Fv2%2Fcomments&post=37945"}]}}

TunaEspaña, San Millán de la Cogolla, Homenaje a la Lengua Española
