{"id":30760,"date":"2018-11-15T08:58:30","date_gmt":"2018-11-15T08:58:30","guid":{"rendered":"http:\/\/www.tunaespana.es\/?page_id=30760"},"modified":"2023-02-21T08:59:31","modified_gmt":"2023-02-21T08:59:31","slug":"ermitas-del-trago-tabernas-mesones-holgaderos-becas-tunaespana","status":"publish","type":"page","link":"https:\/\/www.tunaespana.es\/?page_id=30760","title":{"rendered":"Ermitas del Trago, Tabernas, Mesones, Holgaderos, Merenderos: \u00abBecas TunaEspa\u00f1a\u00bb"},"content":{"rendered":"<p>.<\/p>\n<p><a href=\"https:\/\/www.tunaespana.es\/?attachment_id=37040\" rel=\"attachment wp-att-37040\"><img decoding=\"async\" loading=\"lazy\" class=\"aligncenter size-full wp-image-37040\" src=\"https:\/\/www.tunaespana.es\/wp-content\/uploads\/TunaEspana-Taberna-Beatillas-Cordoba-DonDudo.jpg\" alt=\"\" width=\"562\" height=\"800\" srcset=\"https:\/\/www.tunaespana.es\/wp-content\/uploads\/TunaEspana-Taberna-Beatillas-Cordoba-DonDudo.jpg 562w, https:\/\/www.tunaespana.es\/wp-content\/uploads\/TunaEspana-Taberna-Beatillas-Cordoba-DonDudo-211x300.jpg 211w\" sizes=\"(max-width: 562px) 100vw, 562px\" \/><\/a><\/p>\n<p>.<\/p>\n<p><a href=\"https:\/\/www.tunaespana.es\/?attachment_id=37041\" rel=\"attachment wp-att-37041\"><img decoding=\"async\" loading=\"lazy\" class=\"aligncenter size-full wp-image-37041\" src=\"https:\/\/www.tunaespana.es\/wp-content\/uploads\/TunaEspana-Taberna-Berengueles-Cordoba-DonDudo.jpg\" alt=\"\" width=\"562\" height=\"800\" srcset=\"https:\/\/www.tunaespana.es\/wp-content\/uploads\/TunaEspana-Taberna-Berengueles-Cordoba-DonDudo.jpg 562w, https:\/\/www.tunaespana.es\/wp-content\/uploads\/TunaEspana-Taberna-Berengueles-Cordoba-DonDudo-211x300.jpg 211w\" sizes=\"(max-width: 562px) 100vw, 562px\" \/><\/a><\/p>\n<p>.<\/p>\n<p><a href=\"https:\/\/www.tunaespana.es\/?attachment_id=36886\" rel=\"attachment wp-att-36886\"><img decoding=\"async\" loading=\"lazy\" class=\"aligncenter size-full wp-image-36886\" src=\"https:\/\/www.tunaespana.es\/wp-content\/uploads\/TunaEspana-moya-lima-peru-1.jpg\" alt=\"\" width=\"578\" height=\"820\" srcset=\"https:\/\/www.tunaespana.es\/wp-content\/uploads\/TunaEspana-moya-lima-peru-1.jpg 578w, https:\/\/www.tunaespana.es\/wp-content\/uploads\/TunaEspana-moya-lima-peru-1-211x300.jpg 211w\" sizes=\"(max-width: 578px) 100vw, 578px\" \/><\/a><\/p>\n<p>.<\/p>\n<p>.<\/p>\n<p><a href=\"https:\/\/www.tunaespana.es\/?attachment_id=35855\" rel=\"attachment wp-att-35855\"><img decoding=\"async\" loading=\"lazy\" class=\"aligncenter size-full wp-image-35855\" src=\"https:\/\/www.tunaespana.es\/wp-content\/uploads\/2018\/11\/Juntamento-TunaEspa\u00f1a-Leon-Bodega-Regia-DonDudo-Carlos-Espinosa-Celdran.jpg\" alt=\"Juntamento TunaEspa\u00f1a Leon, Bodega Regia, DonDudo, Carlos Espinosa Celdran\" width=\"724\" height=\"1024\" srcset=\"https:\/\/www.tunaespana.es\/wp-content\/uploads\/2018\/11\/Juntamento-TunaEspa\u00f1a-Leon-Bodega-Regia-DonDudo-Carlos-Espinosa-Celdran.jpg 724w, https:\/\/www.tunaespana.es\/wp-content\/uploads\/2018\/11\/Juntamento-TunaEspa\u00f1a-Leon-Bodega-Regia-DonDudo-Carlos-Espinosa-Celdran-212x300.jpg 212w\" sizes=\"(max-width: 724px) 100vw, 724px\" \/><\/a><\/p>\n<p>.<\/p>\n<p><a href=\"https:\/\/www.tunaespana.es\/?attachment_id=35856\" rel=\"attachment wp-att-35856\"><img decoding=\"async\" loading=\"lazy\" class=\"aligncenter size-full wp-image-35856\" src=\"https:\/\/www.tunaespana.es\/wp-content\/uploads\/2018\/11\/TunaEspa\u00f1a-Bodega-Regia-DonDudo-Carlos-Espinosa-Celdran.jpg\" alt=\"TunaEspa\u00f1a, Bodega Regia, DonDudo, Carlos Espinosa Celdran\" width=\"521\" height=\"509\" srcset=\"https:\/\/www.tunaespana.es\/wp-content\/uploads\/2018\/11\/TunaEspa\u00f1a-Bodega-Regia-DonDudo-Carlos-Espinosa-Celdran.jpg 521w, https:\/\/www.tunaespana.es\/wp-content\/uploads\/2018\/11\/TunaEspa\u00f1a-Bodega-Regia-DonDudo-Carlos-Espinosa-Celdran-300x293.jpg 300w\" sizes=\"(max-width: 521px) 100vw, 521px\" \/><\/a><\/p>\n<p>.\u00bbDonMarquitos\u00bb, referente Gastronom\u00eda de Castilla y Le\u00f3n. Un Muy Fuerte DonDudoAbrazo. Dios Nos Lo Bendiga<\/p>\n<p>.<\/p>\n<p><a href=\"https:\/\/www.tunaespana.es\/?attachment_id=35857\" rel=\"attachment wp-att-35857\"><img decoding=\"async\" loading=\"lazy\" class=\"aligncenter size-full wp-image-35857\" src=\"https:\/\/www.tunaespana.es\/wp-content\/uploads\/2018\/11\/TunaEspa\u00f1a-Bodega-Regia-DonDudo-Carlos-Ignacio-Espinosa-Celdran.jpg\" alt=\"TunaEspa\u00f1a, Bodega Regia, DonDudo, Carlos Ignacio Espinosa Celdran\" width=\"512\" height=\"530\" srcset=\"https:\/\/www.tunaespana.es\/wp-content\/uploads\/2018\/11\/TunaEspa\u00f1a-Bodega-Regia-DonDudo-Carlos-Ignacio-Espinosa-Celdran.jpg 512w, https:\/\/www.tunaespana.es\/wp-content\/uploads\/2018\/11\/TunaEspa\u00f1a-Bodega-Regia-DonDudo-Carlos-Ignacio-Espinosa-Celdran-290x300.jpg 290w\" sizes=\"(max-width: 512px) 100vw, 512px\" \/><\/a><\/p>\n<p>\u00abBODEGA REGIA\u00bb \u00abRestaurante Beca TunaEspa\u00f1a\u00bb Le\u00f3n, Espa\u00f1a.<br \/>\nNuestro querido \u00abDonMarquitos\u00bb, referente Gastronom\u00eda de Castilla y Le\u00f3n desde hace 65 a\u00f1os, Junto con nuestro muy querido hermanico de TunaEspa\u00f1a Don Jos\u00e9 Antonio Rom\u00e1 Riera \u00abDonNotario\u00bb, Tuno desde el a\u00f1o 1952 y que levanta acta notarial de dicho nombramiento. Un Muy Fuerte DonDudoAbrazo. Dios Nos Los Bendiga.<\/p>\n<p>.<\/p>\n<p><a href=\"https:\/\/www.tunaespana.es\/?attachment_id=36065\" rel=\"attachment wp-att-36065\"><img decoding=\"async\" loading=\"lazy\" class=\"aligncenter size-full wp-image-36065\" src=\"https:\/\/www.tunaespana.es\/wp-content\/uploads\/TunaEspana-Cartagena-1.jpg\" alt=\"\" width=\"567\" height=\"807\" srcset=\"https:\/\/www.tunaespana.es\/wp-content\/uploads\/TunaEspana-Cartagena-1.jpg 567w, https:\/\/www.tunaespana.es\/wp-content\/uploads\/TunaEspana-Cartagena-1-211x300.jpg 211w\" sizes=\"(max-width: 567px) 100vw, 567px\" \/><\/a><\/p>\n<p>.<\/p>\n<p><a href=\"https:\/\/www.tunaespana.es\/?attachment_id=37006\" rel=\"attachment wp-att-37006\"><img decoding=\"async\" loading=\"lazy\" class=\"aligncenter size-full wp-image-37006\" src=\"https:\/\/www.tunaespana.es\/wp-content\/uploads\/TunaEspana-Barcelona-Restaurante-Salamanca-Carlos-Espinosa-Celdran-DonDudo-Carlos-Espinosa.jpg\" alt=\"\" width=\"719\" height=\"1024\" srcset=\"https:\/\/www.tunaespana.es\/wp-content\/uploads\/TunaEspana-Barcelona-Restaurante-Salamanca-Carlos-Espinosa-Celdran-DonDudo-Carlos-Espinosa.jpg 719w, https:\/\/www.tunaespana.es\/wp-content\/uploads\/TunaEspana-Barcelona-Restaurante-Salamanca-Carlos-Espinosa-Celdran-DonDudo-Carlos-Espinosa-211x300.jpg 211w\" sizes=\"(max-width: 719px) 100vw, 719px\" \/><\/a><\/p>\n<p>&nbsp;<\/p>\n<p>.<\/p>\n<p><a href=\"https:\/\/www.tunaespana.es\/?attachment_id=37007\" rel=\"attachment wp-att-37007\"><img decoding=\"async\" loading=\"lazy\" class=\"aligncenter size-full wp-image-37007\" src=\"https:\/\/www.tunaespana.es\/wp-content\/uploads\/TunaEspana-Barcelona-Restaurante-Salamanca-Carlos-Espinosa-Celdran-DonDudo-Carlos-ignacio-Espinosa.jpg\" alt=\"\" width=\"546\" height=\"425\" srcset=\"https:\/\/www.tunaespana.es\/wp-content\/uploads\/TunaEspana-Barcelona-Restaurante-Salamanca-Carlos-Espinosa-Celdran-DonDudo-Carlos-ignacio-Espinosa.jpg 546w, https:\/\/www.tunaespana.es\/wp-content\/uploads\/TunaEspana-Barcelona-Restaurante-Salamanca-Carlos-Espinosa-Celdran-DonDudo-Carlos-ignacio-Espinosa-300x234.jpg 300w\" sizes=\"(max-width: 546px) 100vw, 546px\" \/><\/a><\/p>\n<p>.<\/p>\n<p><a href=\"https:\/\/www.tunaespana.es\/?attachment_id=37008\" rel=\"attachment wp-att-37008\"><img decoding=\"async\" loading=\"lazy\" class=\"aligncenter size-full wp-image-37008\" src=\"https:\/\/www.tunaespana.es\/wp-content\/uploads\/TunaEspana-Barcelona-Restaurante-Salamanca-Carlos-Espinosa-Celdran-DonDudo-Carlos-ignacio-Espinosa-Celdran.jpg\" alt=\"\" width=\"440\" height=\"404\" srcset=\"https:\/\/www.tunaespana.es\/wp-content\/uploads\/TunaEspana-Barcelona-Restaurante-Salamanca-Carlos-Espinosa-Celdran-DonDudo-Carlos-ignacio-Espinosa-Celdran.jpg 440w, https:\/\/www.tunaespana.es\/wp-content\/uploads\/TunaEspana-Barcelona-Restaurante-Salamanca-Carlos-Espinosa-Celdran-DonDudo-Carlos-ignacio-Espinosa-Celdran-300x275.jpg 300w\" sizes=\"(max-width: 440px) 100vw, 440px\" \/><\/a><\/p>\n<p>.<\/p>\n<p><a href=\"http:\/\/www.tunaespana.es\/?attachment_id=34497\" rel=\"attachment wp-att-34497\"><img decoding=\"async\" loading=\"lazy\" class=\"aligncenter size-full wp-image-34497\" src=\"http:\/\/www.tunaespana.es\/wp-content\/uploads\/2018\/11\/TunaEspa\u00f1a-Nueva-York-La-Nacional-DonDudo-Carlos-Espinosa.jpg\" alt=\"TunaEspa\u00f1a, Nueva York, La Nacional, DonDudo, Carlos Espinosa\" width=\"679\" height=\"960\" srcset=\"https:\/\/www.tunaespana.es\/wp-content\/uploads\/2018\/11\/TunaEspa\u00f1a-Nueva-York-La-Nacional-DonDudo-Carlos-Espinosa.jpg 679w, https:\/\/www.tunaespana.es\/wp-content\/uploads\/2018\/11\/TunaEspa\u00f1a-Nueva-York-La-Nacional-DonDudo-Carlos-Espinosa-212x300.jpg 212w\" sizes=\"(max-width: 679px) 100vw, 679px\" \/><\/a><\/p>\n<p>.<\/p>\n<p><a href=\"https:\/\/www.tunaespana.es\/?attachment_id=35386\" rel=\"attachment wp-att-35386\"><img decoding=\"async\" loading=\"lazy\" class=\"aligncenter size-full wp-image-35386\" src=\"https:\/\/www.tunaespana.es\/wp-content\/uploads\/2018\/11\/TunaEspa\u00f1a-DonDudo-Restaurante-Casa-Botin-Madrid-carlos-espinosa-celdran.jpg\" alt=\"TunaEspa\u00f1a, DonDudo, Restaurante Casa Botin Madrid, carlos espinosa celdran\" width=\"648\" height=\"922\" srcset=\"https:\/\/www.tunaespana.es\/wp-content\/uploads\/2018\/11\/TunaEspa\u00f1a-DonDudo-Restaurante-Casa-Botin-Madrid-carlos-espinosa-celdran.jpg 648w, https:\/\/www.tunaespana.es\/wp-content\/uploads\/2018\/11\/TunaEspa\u00f1a-DonDudo-Restaurante-Casa-Botin-Madrid-carlos-espinosa-celdran-211x300.jpg 211w\" sizes=\"(max-width: 648px) 100vw, 648px\" \/><\/a><\/p>\n<p>.<\/p>\n<p><a href=\"http:\/\/www.tunaespana.es\/?attachment_id=33762\" rel=\"attachment wp-att-33762\"><img decoding=\"async\" loading=\"lazy\" class=\"aligncenter size-full wp-image-33762\" src=\"http:\/\/www.tunaespana.es\/wp-content\/uploads\/2018\/11\/juntamento-tunaespa\u00f1a-Madrid-Restaurante-Botin-don-dudo-carlos-espinosa-celdran-1-1.jpg\" alt=\"juntamento-tunaespa\u00f1a-Madrid-Restaurante-Botin-don-dudo-carlos-espinosa-celdran-\" width=\"522\" height=\"738\" srcset=\"https:\/\/www.tunaespana.es\/wp-content\/uploads\/2018\/11\/juntamento-tunaespa\u00f1a-Madrid-Restaurante-Botin-don-dudo-carlos-espinosa-celdran-1-1.jpg 522w, https:\/\/www.tunaespana.es\/wp-content\/uploads\/2018\/11\/juntamento-tunaespa\u00f1a-Madrid-Restaurante-Botin-don-dudo-carlos-espinosa-celdran-1-1-212x300.jpg 212w\" sizes=\"(max-width: 522px) 100vw, 522px\" \/><\/a><\/p>\n<p>.<\/p>\n<p><a href=\"https:\/\/www.tunaespana.es\/?attachment_id=35373\" rel=\"attachment wp-att-35373\"><img decoding=\"async\" loading=\"lazy\" class=\"aligncenter size-full wp-image-35373\" src=\"https:\/\/www.tunaespana.es\/wp-content\/uploads\/2018\/11\/Restaurante-Botin-DonDudo-TunaEspa\u00f1a-Carlos-Espinosa.jpg\" alt=\"Restaurante Botin, DonDudo, TunaEspa\u00f1a, Carlos Espinosa\" width=\"489\" height=\"715\" srcset=\"https:\/\/www.tunaespana.es\/wp-content\/uploads\/2018\/11\/Restaurante-Botin-DonDudo-TunaEspa\u00f1a-Carlos-Espinosa.jpg 489w, https:\/\/www.tunaespana.es\/wp-content\/uploads\/2018\/11\/Restaurante-Botin-DonDudo-TunaEspa\u00f1a-Carlos-Espinosa-205x300.jpg 205w\" sizes=\"(max-width: 489px) 100vw, 489px\" \/><\/a><\/p>\n<p>.<\/p>\n<p><a href=\"http:\/\/www.tunaespana.es\/?attachment_id=33763\" rel=\"attachment wp-att-33763\"><img decoding=\"async\" loading=\"lazy\" class=\"aligncenter size-full wp-image-33763\" src=\"http:\/\/www.tunaespana.es\/wp-content\/uploads\/2018\/11\/juntamento-tunaespa\u00f1a-Oviedo-Gran-Taberna-don-dudo-carlos-espinosa-celdran-.jpg\" alt=\"juntamento-tunaespa\u00f1a-Oviedo, Gran Taberna,-don-dudo-carlos-espinosa-celdran-\" width=\"533\" height=\"759\" srcset=\"https:\/\/www.tunaespana.es\/wp-content\/uploads\/2018\/11\/juntamento-tunaespa\u00f1a-Oviedo-Gran-Taberna-don-dudo-carlos-espinosa-celdran-.jpg 533w, https:\/\/www.tunaespana.es\/wp-content\/uploads\/2018\/11\/juntamento-tunaespa\u00f1a-Oviedo-Gran-Taberna-don-dudo-carlos-espinosa-celdran--211x300.jpg 211w\" sizes=\"(max-width: 533px) 100vw, 533px\" \/><\/a><\/p>\n<p>&nbsp;<\/p>\n<p>.<\/p>\n<p><a href=\"http:\/\/www.tunaespana.es\/?attachment_id=33678\" rel=\"attachment wp-att-33678\"><img decoding=\"async\" loading=\"lazy\" class=\"aligncenter size-full wp-image-33678\" src=\"http:\/\/www.tunaespana.es\/wp-content\/uploads\/2018\/11\/juntamento-tunaespa\u00f1a-oviedo-Sidreria-Pumarda-don-dudo-carlos-espinosa-celdran-.jpg\" alt=\"juntamento-tunaespa\u00f1a-oviedo-Sidreria Pumarda-don-dudo-carlos-espinosa-celdran-\" width=\"536\" height=\"762\" srcset=\"https:\/\/www.tunaespana.es\/wp-content\/uploads\/2018\/11\/juntamento-tunaespa\u00f1a-oviedo-Sidreria-Pumarda-don-dudo-carlos-espinosa-celdran-.jpg 536w, https:\/\/www.tunaespana.es\/wp-content\/uploads\/2018\/11\/juntamento-tunaespa\u00f1a-oviedo-Sidreria-Pumarda-don-dudo-carlos-espinosa-celdran--211x300.jpg 211w\" sizes=\"(max-width: 536px) 100vw, 536px\" \/><\/a><\/p>\n<p>.<a href=\"http:\/\/www.tunaespana.es\/?attachment_id=33672\" rel=\"attachment wp-att-33672\"><img decoding=\"async\" loading=\"lazy\" class=\"aligncenter size-full wp-image-33672\" src=\"http:\/\/www.tunaespana.es\/wp-content\/uploads\/2018\/11\/Restaurante-Robles-Sevilla-Don-Dudo-Carlos-Espinosa-Celdran.jpg\" alt=\"Restaurante Robles, Sevilla, Don Dudo, Carlos Espinosa Celdran\" width=\"561\" height=\"793\" srcset=\"https:\/\/www.tunaespana.es\/wp-content\/uploads\/2018\/11\/Restaurante-Robles-Sevilla-Don-Dudo-Carlos-Espinosa-Celdran.jpg 561w, https:\/\/www.tunaespana.es\/wp-content\/uploads\/2018\/11\/Restaurante-Robles-Sevilla-Don-Dudo-Carlos-Espinosa-Celdran-212x300.jpg 212w\" sizes=\"(max-width: 561px) 100vw, 561px\" \/><\/a><\/p>\n<p><a href=\"http:\/\/www.tunaespana.es\/?attachment_id=33387\" rel=\"attachment wp-att-33387\"><img decoding=\"async\" loading=\"lazy\" class=\"aligncenter size-full wp-image-33387\" src=\"http:\/\/www.tunaespana.es\/wp-content\/uploads\/2018\/11\/TunaEspa\u00f1a-Hosteria-el-Laurel-Sevilla.jpg\" alt=\"TunaEspa\u00f1a, Hosteria el Laurel, Sevilla\" width=\"612\" height=\"864\" srcset=\"https:\/\/www.tunaespana.es\/wp-content\/uploads\/2018\/11\/TunaEspa\u00f1a-Hosteria-el-Laurel-Sevilla.jpg 612w, https:\/\/www.tunaespana.es\/wp-content\/uploads\/2018\/11\/TunaEspa\u00f1a-Hosteria-el-Laurel-Sevilla-213x300.jpg 213w\" sizes=\"(max-width: 612px) 100vw, 612px\" \/><\/a><\/p>\n<p>.<a href=\"http:\/\/www.tunaespana.es\/?attachment_id=33400\" rel=\"attachment wp-att-33400\"><img decoding=\"async\" loading=\"lazy\" class=\"aligncenter size-full wp-image-33400\" src=\"http:\/\/www.tunaespana.es\/wp-content\/uploads\/2018\/11\/TunaEspa\u00f1a-Meson-de-la-guitarra-cocidito-Madrile\u00f1o.jpg\" alt=\"TunaEspa\u00f1a, Meson de la guitarra, cocidito Madrile\u00f1o\" width=\"612\" height=\"864\" srcset=\"https:\/\/www.tunaespana.es\/wp-content\/uploads\/2018\/11\/TunaEspa\u00f1a-Meson-de-la-guitarra-cocidito-Madrile\u00f1o.jpg 612w, https:\/\/www.tunaespana.es\/wp-content\/uploads\/2018\/11\/TunaEspa\u00f1a-Meson-de-la-guitarra-cocidito-Madrile\u00f1o-213x300.jpg 213w\" sizes=\"(max-width: 612px) 100vw, 612px\" \/><\/a><\/p>\n<p>.<\/p>\n<p><a href=\"http:\/\/www.tunaespana.es\/?attachment_id=33402\" rel=\"attachment wp-att-33402\"><img decoding=\"async\" loading=\"lazy\" class=\"aligncenter size-full wp-image-33402\" src=\"http:\/\/www.tunaespana.es\/wp-content\/uploads\/2018\/11\/Tio-Sentao-TunaEspa\u00f1a-Murcia.jpg\" alt=\"Tio Sentao, TunaEspa\u00f1a, Murcia\" width=\"582\" height=\"821\" srcset=\"https:\/\/www.tunaespana.es\/wp-content\/uploads\/2018\/11\/Tio-Sentao-TunaEspa\u00f1a-Murcia.jpg 582w, https:\/\/www.tunaespana.es\/wp-content\/uploads\/2018\/11\/Tio-Sentao-TunaEspa\u00f1a-Murcia-213x300.jpg 213w\" sizes=\"(max-width: 582px) 100vw, 582px\" \/><\/a><\/p>\n","protected":false},"excerpt":{"rendered":"<p>. . . . . . .\u00bbDonMarquitos\u00bb, referente Gastronom\u00eda de Castilla y Le\u00f3n. Un Muy Fuerte DonDudoAbrazo. Dios Nos Lo Bendiga . \u00abBODEGA REGIA\u00bb \u00abRestaurante Beca TunaEspa\u00f1a\u00bb Le\u00f3n, Espa\u00f1a. Nuestro querido \u00abDonMarquitos\u00bb, referente Gastronom\u00eda de Castilla y Le\u00f3n desde hace 65 a\u00f1os, Junto con nuestro muy querido hermanico de TunaEspa\u00f1a Don Jos\u00e9 Antonio Rom\u00e1 Riera [&hellip;]<\/p>\n","protected":false},"author":2,"featured_media":0,"parent":0,"menu_order":22,"comment_status":"closed","ping_status":"closed","template":"","meta":[],"_links":{"self":[{"href":"https:\/\/www.tunaespana.es\/index.php?rest_route=\/wp\/v2\/pages\/30760"}],"collection":[{"href":"https:\/\/www.tunaespana.es\/index.php?rest_route=\/wp\/v2\/pages"}],"about":[{"href":"https:\/\/www.tunaespana.es\/index.php?rest_route=\/wp\/v2\/types\/page"}],"author":[{"embeddable":true,"href":"https:\/\/www.tunaespana.es\/index.php?rest_route=\/wp\/v2\/users\/2"}],"replies":[{"embeddable":true,"href":"https:\/\/www.tunaespana.es\/index.php?rest_route=%2Fwp%2Fv2%2Fcomments&post=30760"}],"version-history":[{"count":21,"href":"https:\/\/www.tunaespana.es\/index.php?rest_route=\/wp\/v2\/pages\/30760\/revisions"}],"predecessor-version":[{"id":37042,"href":"https:\/\/www.tunaespana.es\/index.php?rest_route=\/wp\/v2\/pages\/30760\/revisions\/37042"}],"wp:attachment":[{"href":"https:\/\/www.tunaespana.es\/index.php?rest_route=%2Fwp%2Fv2%2Fmedia&parent=30760"}],"curies":[{"name":"wp","href":"https:\/\/api.w.org\/{rel}","templated":true}]}}