{"id":32607,"date":"2017-11-17T18:30:53","date_gmt":"2017-11-17T18:30:53","guid":{"rendered":"http:\/\/www.tunaespana.es\/?page_id=32607"},"modified":"2023-07-02T10:55:48","modified_gmt":"2023-07-02T08:55:48","slug":"tunaespana-honra-a-la-patrona-de-granada-nuestra-senora-de-las-angustias","status":"publish","type":"page","link":"https:\/\/www.tunaespana.es\/?page_id=32607","title":{"rendered":"TunaEspa\u00f1a honra a la Patrona de Granada Nuestra Se\u00f1ora de las Angustias"},"content":{"rendered":"<p>.<\/p>\n<p>.<a href=\"http:\/\/www.tunaespana.es\/?attachment_id=32939\" rel=\"attachment wp-att-32939\"><img decoding=\"async\" loading=\"lazy\" class=\"aligncenter size-full wp-image-32939\" src=\"http:\/\/www.tunaespana.es\/wp-content\/uploads\/2016\/03\/TunaEspa\u00f1a-Juntamento-Granada-Don-Dudo-Carlos-ignacio-Espinosa-Celdran.jpg\" alt=\"TunaEspa\u00f1a, Juntamento Granada, Don Dudo, Carlos ignacio Espinosa Celdran,\" width=\"536\" height=\"758\" srcset=\"https:\/\/www.tunaespana.es\/wp-content\/uploads\/2016\/03\/TunaEspa\u00f1a-Juntamento-Granada-Don-Dudo-Carlos-ignacio-Espinosa-Celdran.jpg 536w, https:\/\/www.tunaespana.es\/wp-content\/uploads\/2016\/03\/TunaEspa\u00f1a-Juntamento-Granada-Don-Dudo-Carlos-ignacio-Espinosa-Celdran-212x300.jpg 212w\" sizes=\"(max-width: 536px) 100vw, 536px\" \/><\/a><\/p>\n<p>.<\/p>\n<blockquote class=\"embedly-card\" data-card-controls=\"1\" data-card-align=\"center\" data-card-theme=\"light\">\n<h4><a href=\"https:\/\/www.hermandadangustiasgranada.es\/esta-es-otra-noticia\/\">La tuna Espa\u00f1a en la Bas\u00edlica &#8211; Hermandad de la Virgen de las Angustias<\/a><\/h4>\n<p>En la ma\u00f1ana de hoy hemos recibido en la Bas\u00edlica la visita de los componentes de la Tuna Espa\u00f1a.<\/p>\n<\/blockquote>\n<p><script async src=\"\/\/cdn.embedly.com\/widgets\/platform.js\" charset=\"UTF-8\"><\/script><\/p>\n<p>.<\/p>\n<p><a href=\"https:\/\/www.hermandadangustiasgranada.es\/esta-es-otra-noticia\/?fbclid=IwAR13wzU4WPwwEO_YYeM7D7aY9SoXu2kP5cb7Q_M7N9d0dDa3J8ZDoK8fPvg\" target=\"_blank\" rel=\"noopener\">https:\/\/www.hermandadangustiasgranada.es\/esta-es-otra-noticia\/?fbclid=IwAR13wzU4WPwwEO_YYeM7D7aY9SoXu2kP5cb7Q_M7N9d0dDa3J8ZDoK8fPvg<\/a><\/p>\n<p>.<a href=\"http:\/\/www.tunaespana.es\/?attachment_id=32928\" rel=\"attachment wp-att-32928\"><img decoding=\"async\" loading=\"lazy\" class=\"aligncenter size-full wp-image-32928\" src=\"http:\/\/www.tunaespana.es\/wp-content\/uploads\/2011\/06\/TunaEspa\u00f1a-Carlos-Espinosa-Celdran-Don-Dudo-Virgen-de-las-Angustias-Granada95.jpg\" alt=\"TunaEspa\u00f1a, Carlos Espinosa Celdran, Don Dudo, Virgen de las Angustias, Granada95\" width=\"730\" height=\"487\" srcset=\"https:\/\/www.tunaespana.es\/wp-content\/uploads\/2011\/06\/TunaEspa\u00f1a-Carlos-Espinosa-Celdran-Don-Dudo-Virgen-de-las-Angustias-Granada95.jpg 730w, https:\/\/www.tunaespana.es\/wp-content\/uploads\/2011\/06\/TunaEspa\u00f1a-Carlos-Espinosa-Celdran-Don-Dudo-Virgen-de-las-Angustias-Granada95-300x200.jpg 300w\" sizes=\"(max-width: 730px) 100vw, 730px\" \/><\/a><\/p>\n<blockquote class=\"embedly-card\" data-card-controls=\"1\" data-card-align=\"center\" data-card-theme=\"light\">\n<h4><a href=\"https:\/\/www.youtube.com\/watch?v=vM27DJTN4oI\">Tuna Espa\u00f1a Honra a la Patrona de Granada \u00abVirgen de las Angustias\u00bb<\/a><\/h4>\n<p>Tuna Espa\u00f1a Honra a la Patrona de Granada \u00abVirgen de las Angustias\u00bb en el VIII Juntamento Tuna Espa\u00f1a es una asociaci\u00f3n universitaria, fundada en diciembre de 2010, formada por tunos veteranos nacidos en las 8 \u00faltimas d\u00e9cadas, ayer estudiantes, hoy doctores y licenciados.<\/p>\n<\/blockquote>\n<p><script async src=\"\/\/cdn.embedly.com\/widgets\/platform.js\" charset=\"UTF-8\"><\/script><\/p>\n<p>.<a href=\"http:\/\/www.tunaespana.es\/?attachment_id=32924\" rel=\"attachment wp-att-32924\"><img decoding=\"async\" loading=\"lazy\" class=\"aligncenter size-full wp-image-32924\" src=\"http:\/\/www.tunaespana.es\/wp-content\/uploads\/2011\/06\/TunaEspa\u00f1a-Carlos-Espinosa-Celdran-Don-Dudo-Virgen-de-las-Angustias-Asi-es-mi-Granada.jpg\" alt=\"TunaEspa\u00f1a, Carlos Espinosa Celdran, Don Dudo, Virgen de las Angustias, Asi es mi Granada\" width=\"615\" height=\"410\" srcset=\"https:\/\/www.tunaespana.es\/wp-content\/uploads\/2011\/06\/TunaEspa\u00f1a-Carlos-Espinosa-Celdran-Don-Dudo-Virgen-de-las-Angustias-Asi-es-mi-Granada.jpg 615w, https:\/\/www.tunaespana.es\/wp-content\/uploads\/2011\/06\/TunaEspa\u00f1a-Carlos-Espinosa-Celdran-Don-Dudo-Virgen-de-las-Angustias-Asi-es-mi-Granada-300x200.jpg 300w\" sizes=\"(max-width: 615px) 100vw, 615px\" \/><\/a><\/p>\n<p>.<\/p>\n<p>.<a href=\"http:\/\/www.tunaespana.es\/?attachment_id=32922\" rel=\"attachment wp-att-32922\"><img decoding=\"async\" loading=\"lazy\" class=\"aligncenter size-full wp-image-32922\" src=\"http:\/\/www.tunaespana.es\/wp-content\/uploads\/2011\/06\/TunaEspa\u00f1a-Carlos-Espinosa-Celdran-Don-Dudo-Virgen-de-las-Angustias-al-pie-de-sierra-nevada.jpg\" alt=\"TunaEspa\u00f1a, Carlos Espinosa Celdran, Don Dudo, Virgen de las Angustias, al pie de sierra nevada\" width=\"745\" height=\"397\" srcset=\"https:\/\/www.tunaespana.es\/wp-content\/uploads\/2011\/06\/TunaEspa\u00f1a-Carlos-Espinosa-Celdran-Don-Dudo-Virgen-de-las-Angustias-al-pie-de-sierra-nevada.jpg 745w, https:\/\/www.tunaespana.es\/wp-content\/uploads\/2011\/06\/TunaEspa\u00f1a-Carlos-Espinosa-Celdran-Don-Dudo-Virgen-de-las-Angustias-al-pie-de-sierra-nevada-300x160.jpg 300w\" sizes=\"(max-width: 745px) 100vw, 745px\" \/><\/a><\/p>\n<p>.<\/p>\n<p>.<a href=\"http:\/\/www.tunaespana.es\/?attachment_id=32925\" rel=\"attachment wp-att-32925\"><img decoding=\"async\" loading=\"lazy\" class=\"aligncenter size-full wp-image-32925\" src=\"http:\/\/www.tunaespana.es\/wp-content\/uploads\/2011\/06\/TunaEspa\u00f1a-Carlos-Espinosa-Celdran-Don-Dudo-Virgen-de-las-Angustias-la-que-habita-en-en-la-carrera.jpg\" alt=\"TunaEspa\u00f1a, Carlos Espinosa Celdran, Don Dudo, Virgen de las Angustias, la que habita en en la carrera\" width=\"420\" height=\"492\" srcset=\"https:\/\/www.tunaespana.es\/wp-content\/uploads\/2011\/06\/TunaEspa\u00f1a-Carlos-Espinosa-Celdran-Don-Dudo-Virgen-de-las-Angustias-la-que-habita-en-en-la-carrera.jpg 420w, https:\/\/www.tunaespana.es\/wp-content\/uploads\/2011\/06\/TunaEspa\u00f1a-Carlos-Espinosa-Celdran-Don-Dudo-Virgen-de-las-Angustias-la-que-habita-en-en-la-carrera-256x300.jpg 256w\" sizes=\"(max-width: 420px) 100vw, 420px\" \/><\/a><\/p>\n<p>.<\/p>\n<p><span style=\"color: #000000;\">.<\/span><span style=\"color: #000000;\"><a href=\"http:\/\/www.tunaespana.es\/?attachment_id=32923\" rel=\"attachment wp-att-32923\"><img decoding=\"async\" loading=\"lazy\" class=\"aligncenter size-full wp-image-32923\" src=\"http:\/\/www.tunaespana.es\/wp-content\/uploads\/2011\/06\/TunaEspa\u00f1a-Carlos-Espinosa-Celdran-Don-Dudo-Virgen-de-las-Angustias-al-pie-de-sierra-nevada-al.jpg\" alt=\"TunaEspa\u00f1a, Carlos Espinosa Celdran, Don Dudo, Virgen de las Angustias, al pie de sierra nevada, al\" width=\"692\" height=\"460\" srcset=\"https:\/\/www.tunaespana.es\/wp-content\/uploads\/2011\/06\/TunaEspa\u00f1a-Carlos-Espinosa-Celdran-Don-Dudo-Virgen-de-las-Angustias-al-pie-de-sierra-nevada-al.jpg 692w, https:\/\/www.tunaespana.es\/wp-content\/uploads\/2011\/06\/TunaEspa\u00f1a-Carlos-Espinosa-Celdran-Don-Dudo-Virgen-de-las-Angustias-al-pie-de-sierra-nevada-al-300x199.jpg 300w\" sizes=\"(max-width: 692px) 100vw, 692px\" \/><\/a><\/span><\/p>\n<p><span style=\"color: #000000;\">.<\/span><\/p>\n<p><span style=\"color: #000000;\">.<a href=\"http:\/\/www.tunaespana.es\/?attachment_id=32987\" rel=\"attachment wp-att-32987\"><img decoding=\"async\" loading=\"lazy\" class=\"aligncenter size-full wp-image-32987\" src=\"http:\/\/www.tunaespana.es\/wp-content\/uploads\/2017\/11\/TunaEspa\u00f1a-Carlos-Espinosa-Celdran-Don-Dudo-Juntamento-Granada06-dism.jpg\" alt=\"TunaEspa\u00f1a, Carlos Espinosa Celdran, Don Dudo, Juntamento Granada,06, dism\" width=\"691\" height=\"386\" srcset=\"https:\/\/www.tunaespana.es\/wp-content\/uploads\/2017\/11\/TunaEspa\u00f1a-Carlos-Espinosa-Celdran-Don-Dudo-Juntamento-Granada06-dism.jpg 691w, https:\/\/www.tunaespana.es\/wp-content\/uploads\/2017\/11\/TunaEspa\u00f1a-Carlos-Espinosa-Celdran-Don-Dudo-Juntamento-Granada06-dism-300x168.jpg 300w\" sizes=\"(max-width: 691px) 100vw, 691px\" \/><\/a><\/span><\/p>\n<p><span style=\"color: #000000;\">.<\/span><\/p>\n<p><span style=\"color: #000000;\">.<a href=\"http:\/\/www.tunaespana.es\/?attachment_id=32989\" rel=\"attachment wp-att-32989\"><img decoding=\"async\" loading=\"lazy\" class=\"aligncenter size-full wp-image-32989\" src=\"http:\/\/www.tunaespana.es\/wp-content\/uploads\/2017\/11\/TunaEspa\u00f1a-Don-Chulin-Juntamento-de-Granada-Virgen-de-las-Angustias2.jpg\" alt=\"TunaEspa\u00f1a, Don Chulin, Juntamento de Granada, Virgen de las Angustias,2\" width=\"480\" height=\"480\" srcset=\"https:\/\/www.tunaespana.es\/wp-content\/uploads\/2017\/11\/TunaEspa\u00f1a-Don-Chulin-Juntamento-de-Granada-Virgen-de-las-Angustias2.jpg 480w, https:\/\/www.tunaespana.es\/wp-content\/uploads\/2017\/11\/TunaEspa\u00f1a-Don-Chulin-Juntamento-de-Granada-Virgen-de-las-Angustias2-150x150.jpg 150w, https:\/\/www.tunaespana.es\/wp-content\/uploads\/2017\/11\/TunaEspa\u00f1a-Don-Chulin-Juntamento-de-Granada-Virgen-de-las-Angustias2-300x300.jpg 300w\" sizes=\"(max-width: 480px) 100vw, 480px\" \/><\/a><\/span><\/p>\n<p>.<\/p>\n<p><a href=\"https:\/\/www.tunaespana.es\/?attachment_id=37712\" rel=\"attachment wp-att-37712\"><img decoding=\"async\" loading=\"lazy\" class=\"aligncenter size-full wp-image-37712\" src=\"https:\/\/www.tunaespana.es\/wp-content\/uploads\/GRANADA-TunaEspana.jpg\" alt=\"\" width=\"642\" height=\"1024\" srcset=\"https:\/\/www.tunaespana.es\/wp-content\/uploads\/GRANADA-TunaEspana.jpg 642w, https:\/\/www.tunaespana.es\/wp-content\/uploads\/GRANADA-TunaEspana-188x300.jpg 188w\" sizes=\"(max-width: 642px) 100vw, 642px\" \/><\/a><\/p>\n<p>.<span style=\"color: #000000;\"><a href=\"http:\/\/www.tunaespana.es\/?attachment_id=32608\" rel=\"attachment wp-att-32608\"><img decoding=\"async\" loading=\"lazy\" class=\"aligncenter size-full wp-image-32608\" src=\"http:\/\/www.tunaespana.es\/wp-content\/uploads\/2017\/11\/TunaEspa\u00f1a-Tuna-Espa\u00f1a-DonDudo-Don-Dudo-Carlos-Espinosa-Celdran-Granada.jpg\" alt=\"TunaEspa\u00f1a, Tuna Espa\u00f1a, DonDudo, Don Dudo, Carlos Espinosa Celdran, Granada\" width=\"626\" height=\"887\" srcset=\"https:\/\/www.tunaespana.es\/wp-content\/uploads\/2017\/11\/TunaEspa\u00f1a-Tuna-Espa\u00f1a-DonDudo-Don-Dudo-Carlos-Espinosa-Celdran-Granada.jpg 626w, https:\/\/www.tunaespana.es\/wp-content\/uploads\/2017\/11\/TunaEspa\u00f1a-Tuna-Espa\u00f1a-DonDudo-Don-Dudo-Carlos-Espinosa-Celdran-Granada-212x300.jpg 212w\" sizes=\"(max-width: 626px) 100vw, 626px\" \/><\/a><\/span><\/p>\n<p><span style=\"color: #000000;\">.<\/span><\/p>\n<p><a href=\"https:\/\/www.tunaespana.es\/?attachment_id=37909\" rel=\"attachment wp-att-37909\"><img decoding=\"async\" loading=\"lazy\" class=\"aligncenter size-full wp-image-37909\" src=\"https:\/\/www.tunaespana.es\/wp-content\/uploads\/Virgen-de-las-Angustias-Patrona-de-Granada-TunaEspana.jpg\" alt=\"\" width=\"537\" height=\"967\" srcset=\"https:\/\/www.tunaespana.es\/wp-content\/uploads\/Virgen-de-las-Angustias-Patrona-de-Granada-TunaEspana.jpg 537w, https:\/\/www.tunaespana.es\/wp-content\/uploads\/Virgen-de-las-Angustias-Patrona-de-Granada-TunaEspana-167x300.jpg 167w\" sizes=\"(max-width: 537px) 100vw, 537px\" \/><\/a><\/p>\n<p>.<\/p>\n","protected":false},"excerpt":{"rendered":"<p>. . . La tuna Espa\u00f1a en la Bas\u00edlica &#8211; Hermandad de la Virgen de las Angustias En la ma\u00f1ana de hoy hemos recibido en la Bas\u00edlica la visita de los componentes de la Tuna Espa\u00f1a. . https:\/\/www.hermandadangustiasgranada.es\/esta-es-otra-noticia\/?fbclid=IwAR13wzU4WPwwEO_YYeM7D7aY9SoXu2kP5cb7Q_M7N9d0dDa3J8ZDoK8fPvg . Tuna Espa\u00f1a Honra a la Patrona de Granada \u00abVirgen de las Angustias\u00bb Tuna Espa\u00f1a Honra a [&hellip;]<\/p>\n","protected":false},"author":2,"featured_media":0,"parent":0,"menu_order":8,"comment_status":"closed","ping_status":"closed","template":"","meta":[],"_links":{"self":[{"href":"https:\/\/www.tunaespana.es\/index.php?rest_route=\/wp\/v2\/pages\/32607"}],"collection":[{"href":"https:\/\/www.tunaespana.es\/index.php?rest_route=\/wp\/v2\/pages"}],"about":[{"href":"https:\/\/www.tunaespana.es\/index.php?rest_route=\/wp\/v2\/types\/page"}],"author":[{"embeddable":true,"href":"https:\/\/www.tunaespana.es\/index.php?rest_route=\/wp\/v2\/users\/2"}],"replies":[{"embeddable":true,"href":"https:\/\/www.tunaespana.es\/index.php?rest_route=%2Fwp%2Fv2%2Fcomments&post=32607"}],"version-history":[{"count":13,"href":"https:\/\/www.tunaespana.es\/index.php?rest_route=\/wp\/v2\/pages\/32607\/revisions"}],"predecessor-version":[{"id":37910,"href":"https:\/\/www.tunaespana.es\/index.php?rest_route=\/wp\/v2\/pages\/32607\/revisions\/37910"}],"wp:attachment":[{"href":"https:\/\/www.tunaespana.es\/index.php?rest_route=%2Fwp%2Fv2%2Fmedia&parent=32607"}],"curies":[{"name":"wp","href":"https:\/\/api.w.org\/{rel}","templated":true}]}}