{"id":33228,"date":"2018-10-08T16:23:44","date_gmt":"2018-10-08T16:23:44","guid":{"rendered":"http:\/\/www.tunaespana.es\/?page_id=33228"},"modified":"2025-08-12T19:31:33","modified_gmt":"2025-08-12T17:31:33","slug":"tunaespana-roma-vaticano","status":"publish","type":"page","link":"https:\/\/www.tunaespana.es\/?page_id=33228","title":{"rendered":"TunaEspa\u00f1a &#038; Roma &#038; Vaticano"},"content":{"rendered":"<p><span style=\"color: #000000;\">.<a href=\"http:\/\/www.tunaespana.es\/?attachment_id=33252\" rel=\"attachment wp-att-33252\"><img decoding=\"async\" loading=\"lazy\" class=\"aligncenter size-full wp-image-33252\" src=\"http:\/\/www.tunaespana.es\/wp-content\/uploads\/2018\/10\/TunaEspa\u00f1a-Vaticano-TunaEspa\u00f1a-Don-Dudo2.jpg\" alt=\"TunaEspa\u00f1a, Vaticano, TunaEspa\u00f1a, Don Dudo,2\" width=\"701\" height=\"315\" srcset=\"https:\/\/www.tunaespana.es\/wp-content\/uploads\/2018\/10\/TunaEspa\u00f1a-Vaticano-TunaEspa\u00f1a-Don-Dudo2.jpg 701w, https:\/\/www.tunaespana.es\/wp-content\/uploads\/2018\/10\/TunaEspa\u00f1a-Vaticano-TunaEspa\u00f1a-Don-Dudo2-300x135.jpg 300w\" sizes=\"(max-width: 701px) 100vw, 701px\" \/><\/a><\/span><\/p>\n<p><span style=\"color: #000000;\">.<a href=\"http:\/\/www.tunaespana.es\/?attachment_id=33229\" rel=\"attachment wp-att-33229\"><img decoding=\"async\" loading=\"lazy\" class=\"aligncenter size-full wp-image-33229\" src=\"http:\/\/www.tunaespana.es\/wp-content\/uploads\/2018\/10\/TunaEspa\u00f1a-Embajada-de-Espa\u00f1a-ante-la-Santa-Sede-Don-Dudo-Juntamento-Roma.jpg\" alt=\"TunaEspa\u00f1a, Embajada de Espa\u00f1a ante la Santa Sede, Don Dudo, Juntamento Roma\" width=\"417\" height=\"591\" srcset=\"https:\/\/www.tunaespana.es\/wp-content\/uploads\/2018\/10\/TunaEspa\u00f1a-Embajada-de-Espa\u00f1a-ante-la-Santa-Sede-Don-Dudo-Juntamento-Roma.jpg 417w, https:\/\/www.tunaespana.es\/wp-content\/uploads\/2018\/10\/TunaEspa\u00f1a-Embajada-de-Espa\u00f1a-ante-la-Santa-Sede-Don-Dudo-Juntamento-Roma-212x300.jpg 212w\" sizes=\"(max-width: 417px) 100vw, 417px\" \/><\/a><\/span><\/p>\n<p>.<\/p>\n<p>.<\/p>\n<blockquote class=\"embedly-card\" data-card-controls=\"1\" data-card-align=\"center\" data-card-theme=\"light\">\n<h4><a href=\"https:\/\/www.youtube.com\/watch?v=YQaI8CkLOQ0\">TunaEspa\u00f1a: Embajada de Espa\u00f1a ante la Santa Sede. Roma \u00abOjos de la Espa\u00f1ola\u00bb\u00bb<\/a><\/h4>\n<p>Concierto de TunaEspa\u00f1a a la Ciudad de Roma, desde la embajada de Espa\u00f1a ante la Santa Sede, Plaza de Espa\u00f1a, Roma. La embajada de Espa\u00f1a ante la Santa Sede es la misi\u00f3n diplom\u00e1tica permanente m\u00e1s antigua del mundo. Fue creada en 1480 por el rey Fernando el Cat\u00f3lico.<\/p>\n<\/blockquote>\n<p><script async src=\"\/\/cdn.embedly.com\/widgets\/platform.js\" charset=\"UTF-8\"><\/script><\/p>\n<p>.<a href=\"http:\/\/www.tunaespana.es\/?attachment_id=33243\" rel=\"attachment wp-att-33243\"><img decoding=\"async\" loading=\"lazy\" class=\"aligncenter size-full wp-image-33243\" src=\"http:\/\/www.tunaespana.es\/wp-content\/uploads\/2018\/10\/TunaEspa\u00f1a-Embajada-ante-la-Santa-Sede.jpg\" alt=\"TunaEspa\u00f1a, Embajada ante la Santa Sede\" width=\"720\" height=\"480\" srcset=\"https:\/\/www.tunaespana.es\/wp-content\/uploads\/2018\/10\/TunaEspa\u00f1a-Embajada-ante-la-Santa-Sede.jpg 720w, https:\/\/www.tunaespana.es\/wp-content\/uploads\/2018\/10\/TunaEspa\u00f1a-Embajada-ante-la-Santa-Sede-300x200.jpg 300w\" sizes=\"(max-width: 720px) 100vw, 720px\" \/><\/a><\/p>\n<p>.<\/p>\n<p><a href=\"http:\/\/www.tunaespana.es\/?attachment_id=33576\" rel=\"attachment wp-att-33576\"><img decoding=\"async\" loading=\"lazy\" class=\"aligncenter size-full wp-image-33576\" src=\"http:\/\/www.tunaespana.es\/wp-content\/uploads\/2018\/10\/TunaEspa\u00f1a-Don-Dudo-Roma-Embajada-Espa\u00f1a-ante-la-Santa-Sede-Carlos-Espinosa-Celdran.jpg\" alt=\"TunaEspa\u00f1a, Don Dudo, Roma, Embajada Espa\u00f1a ante la Santa Sede, Carlos Espinosa Celdran\" width=\"717\" height=\"432\" srcset=\"https:\/\/www.tunaespana.es\/wp-content\/uploads\/2018\/10\/TunaEspa\u00f1a-Don-Dudo-Roma-Embajada-Espa\u00f1a-ante-la-Santa-Sede-Carlos-Espinosa-Celdran.jpg 717w, https:\/\/www.tunaespana.es\/wp-content\/uploads\/2018\/10\/TunaEspa\u00f1a-Don-Dudo-Roma-Embajada-Espa\u00f1a-ante-la-Santa-Sede-Carlos-Espinosa-Celdran-300x181.jpg 300w\" sizes=\"(max-width: 717px) 100vw, 717px\" \/><\/a><\/p>\n<p>.<\/p>\n<blockquote class=\"embedly-card\" data-card-controls=\"1\" data-card-align=\"center\" data-card-theme=\"light\">\n<h4><a href=\"https:\/\/www.youtube.com\/watch?v=O8FoOKueiIo\">TunaEspa\u00f1a: Discurso presentaci\u00f3n, del Exmo. Sr. Embajador de Espa\u00f1a ante la Santa Sede, Roma<\/a><\/h4>\n<p>Concierto de TunaEspa\u00f1a a la Ciudad de Roma, desde la embajada de Espa\u00f1a ante la Santa Sede, Plaza de Espa\u00f1a, Roma. La embajada de Espa\u00f1a ante la Santa Sede es la misi\u00f3n diplom\u00e1tica permanente m\u00e1s antigua del mundo. Fue creada en 1480 por el rey Fernando el Cat\u00f3lico.<\/p>\n<\/blockquote>\n<p><script async src=\"\/\/cdn.embedly.com\/widgets\/platform.js\" charset=\"UTF-8\"><\/script><\/p>\n<p>.<\/p>\n<blockquote class=\"embedly-card\" data-card-controls=\"1\" data-card-align=\"center\" data-card-theme=\"light\">\n<h4><a href=\"https:\/\/www.youtube.com\/watch?v=dravhdBW3zw&#038;feature=youtu.be\">TunaEspa\u00f1a: Embajada de Espa\u00f1a ante la Santa Sede. Roma \u00abClavelitos\u00bb\u00bb\u00bb<\/a><\/h4>\n<p>Concierto de TunaEspa\u00f1a a la Ciudad de Roma, desde la embajada de Espa\u00f1a ante la Santa Sede, Plaza de Espa\u00f1a, Roma. La embajada de Espa\u00f1a ante la Santa Sede es la misi\u00f3n diplom\u00e1tica permanente m\u00e1s antigua del mundo. Fue creada en 1480 por el rey Fernando el Cat\u00f3lico.<\/p>\n<\/blockquote>\n<p><script async src=\"\/\/cdn.embedly.com\/widgets\/platform.js\" charset=\"UTF-8\"><\/script><\/p>\n<h2 style=\"text-align: center;\"><span style=\"color: #ffff00;\">El viernes 28 de Septiembre 2018 por la tarde se realiza una actuaci\u00f3n ben\u00e9fica en Isla Tiberina.<\/span><span style=\"color: #000000;\"><a href=\"http:\/\/www.tunaespana.es\/?attachment_id=33235\" rel=\"attachment wp-att-33235\"><img decoding=\"async\" loading=\"lazy\" class=\"aligncenter size-full wp-image-33235\" src=\"http:\/\/www.tunaespana.es\/wp-content\/uploads\/2018\/10\/TunaEspa\u00f1a-Isla-Tiberina-San-Juan-de-Dios-Roma-Don-Dudo.jpg\" alt=\"TunaEspa\u00f1a, Isla Tiberina, San Juan de Dios Roma, Don Dudo\" width=\"567\" height=\"800\" srcset=\"https:\/\/www.tunaespana.es\/wp-content\/uploads\/2018\/10\/TunaEspa\u00f1a-Isla-Tiberina-San-Juan-de-Dios-Roma-Don-Dudo.jpg 567w, https:\/\/www.tunaespana.es\/wp-content\/uploads\/2018\/10\/TunaEspa\u00f1a-Isla-Tiberina-San-Juan-de-Dios-Roma-Don-Dudo-213x300.jpg 213w\" sizes=\"(max-width: 567px) 100vw, 567px\" \/><\/a><\/span><\/h2>\n<p><span style=\"color: #000000;\">.\u00a0<\/span><\/p>\n<p align=\"CENTER\"><span style=\"color: #0000ff;\"><span style=\"font-family: Georgia, 'Times New Roman', 'Bitstream Charter', Times, serif;\"><span style=\"font-size: small;\">http:\/\/www.fatebenefratelli-isolatiberina.it\/It\/HomePage<\/span><\/span><\/span><\/p>\n<blockquote class=\"embedly-card\" data-card-controls=\"1\" data-card-align=\"center\" data-card-theme=\"light\">\n<h4><a href=\"https:\/\/www.youtube.com\/watch?v=UAB8z8F2eOQ\">TunaEspa\u00f1a: Isla Tiberina, Roma :Maria Dolores<\/a><\/h4>\n<p>Actuacion Ben\u00e9fica de TunaEspa\u00f1a para San Juan de Dios en su sede central en Roma en la \u00abIsla Tiberina\u00bb, con presencia del Embajador de Espa\u00f1a ante la Santa Sede Don Gerardo Angel Bugallo Ottone, del Vice Presidente Operativo, Fra Pascal Ahodegnon, del Direttore Generale dell&#8217;Ospedale, Stefano, Michelini, e del Priore della Comunit\u00e0 Religiosa, Fra \u00c1ngel L\u00f3pez.<\/p>\n<\/blockquote>\n<p><script async src=\"\/\/cdn.embedly.com\/widgets\/platform.js\" charset=\"UTF-8\"><\/script><\/p>\n<h6>http:\/\/www.fatebenefratelli-isolatiberina.it\/IT\/Press_NewsDetail\/5\/3497\/CONCERTO_DI_SOLIDARIETA_A_SOSTEGNO_DELLA_TERAPIA_INTENSIVA_NEONATALE_DELLISOLA_TIBERINA<\/h6>\n<p><span style=\"color: #000000;\">.<\/span><\/p>\n<blockquote class=\"embedly-card\" data-card-controls=\"1\" data-card-align=\"center\" data-card-theme=\"light\">\n<h4><a href=\"https:\/\/www.youtube.com\/watch?v=tsJkgPYfi3I\">Roma: \u00abTunaEspa\u00f1a\u00bb &#038; Embajada de Espa\u00f1a ante La Santa Sede &#038; Soy Espa\u00f1ol &#038; El Beso &#038; Adelita.<\/a><\/h4>\n<p>Momentos previos al Concierto de TunaEspa\u00f1a a la Ciudad de Roma, desde la embajada de Espa\u00f1a ante la Santa Sede, Plaza de Espa\u00f1a, Roma. La embajada de Espa\u00f1a ante la Santa Sede (Vaticano) es la misi\u00f3n diplom\u00e1tica permanente m\u00e1s antigua del mundo. Fue creada en 1480 por el rey Fernando el Cat\u00f3lico.<\/p>\n<\/blockquote>\n<p><script async src=\"\/\/cdn.embedly.com\/widgets\/platform.js\" charset=\"UTF-8\"><\/script><\/p>\n<p>.<\/p>\n<blockquote class=\"embedly-card\" data-card-controls=\"1\" data-card-align=\"center\" data-card-theme=\"light\">\n<h4><a href=\"https:\/\/www.youtube.com\/watch?v=UAB8z8F2eOQ\">TunaEspa\u00f1a: Isla Tiberina, Roma :Maria Dolores<\/a><\/h4>\n<p>Actuacion Ben\u00e9fica de TunaEspa\u00f1a para San Juan de Dios en su sede central en Roma en la \u00abIsla Tiberina\u00bb, con presencia del Embajador de Espa\u00f1a ante la Santa Sede Don Gerardo Angel Bugallo Ottone, del Vice Presidente Operativo, Fra Pascal Ahodegnon, del Direttore Generale dell&#8217;Ospedale, Stefano, Michelini, e del Priore della Comunit\u00e0 Religiosa, Fra \u00c1ngel L\u00f3pez.<\/p>\n<\/blockquote>\n<p><script async src=\"\/\/cdn.embedly.com\/widgets\/platform.js\" charset=\"UTF-8\"><\/script><\/p>\n<p>.<\/p>\n<blockquote class=\"embedly-card\" data-card-controls=\"1\" data-card-align=\"center\" data-card-theme=\"light\">\n<h4><a href=\"https:\/\/www.youtube.com\/watch?v=pRRaZUxjS8A\">TunaEspa\u00f1a@ Embajada de Espa\u00f1a en el Vaticano @ Juntamento Roma<\/a><\/h4>\n<p>No Precisa Comentarios!! Pero: La Embajada de Espa\u00f1a ante la Santa Sede es considerada la misi\u00f3n diplom\u00e1tica permanente m\u00e1s antigua del mundo. Fue creada en 1480 por el rey Fernando el Cat\u00f3lico, y su primer embajador fue Gonzalo de Beteta, caballero de la Orden de Santiago.<\/p>\n<\/blockquote>\n<p><script async src=\"\/\/cdn.embedly.com\/widgets\/platform.js\" charset=\"UTF-8\"><\/script><\/p>\n<p>.<\/p>\n<h2 style=\"text-align: center;\"><span style=\"color: #000000;\"><span style=\"color: #ffff00;\">El\u00a0viernes 28 de Septiembre se realiz\u00f3 una misa en la Bas\u00edlica de San Pedro, en la Capilla del Santo Padre \u00abJuan Pablo II\u00bb, en recuerdo a los hermanos que ya NO estan con nosotros.<\/span><\/span><\/h2>\n<h2 style=\"text-align: center;\"><span style=\"color: #000000;\"><a href=\"http:\/\/www.tunaespana.es\/?attachment_id=33237\" rel=\"attachment wp-att-33237\"><img decoding=\"async\" loading=\"lazy\" class=\"aligncenter size-full wp-image-33237\" src=\"http:\/\/www.tunaespana.es\/wp-content\/uploads\/2018\/10\/TunaEspa\u00f1a-JUntamento-Roma-misa-vaticanoDon-Dudo.jpg\" alt=\"TunaEspa\u00f1a, JUntamento Roma, misa vaticano,Don Dudo\" width=\"567\" height=\"800\" srcset=\"https:\/\/www.tunaespana.es\/wp-content\/uploads\/2018\/10\/TunaEspa\u00f1a-JUntamento-Roma-misa-vaticanoDon-Dudo.jpg 567w, https:\/\/www.tunaespana.es\/wp-content\/uploads\/2018\/10\/TunaEspa\u00f1a-JUntamento-Roma-misa-vaticanoDon-Dudo-213x300.jpg 213w\" sizes=\"(max-width: 567px) 100vw, 567px\" \/><\/a><\/span><\/h2>\n<p>.<a href=\"http:\/\/www.tunaespana.es\/?attachment_id=33258\" rel=\"attachment wp-att-33258\"><img decoding=\"async\" loading=\"lazy\" class=\"aligncenter size-full wp-image-33258\" src=\"http:\/\/www.tunaespana.es\/wp-content\/uploads\/2018\/10\/TunaEspa\u00f1a-Don-Dudo-Caballero-Espa\u00f1ol-Roma.jpg\" alt=\"TunaEspa\u00f1a, Don Dudo, Caballero Espa\u00f1ol Roma\" width=\"551\" height=\"779\" srcset=\"https:\/\/www.tunaespana.es\/wp-content\/uploads\/2018\/10\/TunaEspa\u00f1a-Don-Dudo-Caballero-Espa\u00f1ol-Roma.jpg 551w, https:\/\/www.tunaespana.es\/wp-content\/uploads\/2018\/10\/TunaEspa\u00f1a-Don-Dudo-Caballero-Espa\u00f1ol-Roma-212x300.jpg 212w\" sizes=\"(max-width: 551px) 100vw, 551px\" \/><\/a><\/p>\n<p>.<a href=\"http:\/\/www.tunaespana.es\/?attachment_id=33259\" rel=\"attachment wp-att-33259\"><img decoding=\"async\" loading=\"lazy\" class=\"aligncenter size-full wp-image-33259\" src=\"http:\/\/www.tunaespana.es\/wp-content\/uploads\/2018\/10\/TunaESpa\u00f1a-Antonio-Pelayo.jpg\" alt=\"TunaESpa\u00f1a, Antonio Pelayo\" width=\"301\" height=\"403\" srcset=\"https:\/\/www.tunaespana.es\/wp-content\/uploads\/2018\/10\/TunaESpa\u00f1a-Antonio-Pelayo.jpg 301w, https:\/\/www.tunaespana.es\/wp-content\/uploads\/2018\/10\/TunaESpa\u00f1a-Antonio-Pelayo-224x300.jpg 224w\" sizes=\"(max-width: 301px) 100vw, 301px\" \/><\/a><\/p>\n<p>.<\/p>\n<p>.<span style=\"color: #000000;\"><a href=\"http:\/\/www.tunaespana.es\/?attachment_id=33253\" rel=\"attachment wp-att-33253\"><img decoding=\"async\" loading=\"lazy\" class=\"aligncenter size-full wp-image-33253\" src=\"http:\/\/www.tunaespana.es\/wp-content\/uploads\/2018\/10\/TunaEspa\u00f1a-Plaza-Espa\u00f1a-Roma-TunaEspa\u00f1a-Don-Dudo.jpg\" alt=\"TunaEspa\u00f1a, Plaza Espa\u00f1a Roma, TunaEspa\u00f1a, Don Dudo\" width=\"764\" height=\"448\" srcset=\"https:\/\/www.tunaespana.es\/wp-content\/uploads\/2018\/10\/TunaEspa\u00f1a-Plaza-Espa\u00f1a-Roma-TunaEspa\u00f1a-Don-Dudo.jpg 764w, https:\/\/www.tunaespana.es\/wp-content\/uploads\/2018\/10\/TunaEspa\u00f1a-Plaza-Espa\u00f1a-Roma-TunaEspa\u00f1a-Don-Dudo-300x176.jpg 300w\" sizes=\"(max-width: 764px) 100vw, 764px\" \/><\/a><\/span><\/p>\n<p>.<\/p>\n<p>.<a href=\"http:\/\/www.tunaespana.es\/?attachment_id=33256\" rel=\"attachment wp-att-33256\"><img decoding=\"async\" loading=\"lazy\" class=\"aligncenter size-full wp-image-33256\" src=\"http:\/\/www.tunaespana.es\/wp-content\/uploads\/2018\/10\/TunaEspa\u00f1a-Embajada-de-Espa\u00f1a-ante-la-Santa-Sede-dism.jpg\" alt=\"TunaEspa\u00f1a, Embajada de Espa\u00f1a ante la Santa Sede, dism\" width=\"690\" height=\"437\" srcset=\"https:\/\/www.tunaespana.es\/wp-content\/uploads\/2018\/10\/TunaEspa\u00f1a-Embajada-de-Espa\u00f1a-ante-la-Santa-Sede-dism.jpg 690w, https:\/\/www.tunaespana.es\/wp-content\/uploads\/2018\/10\/TunaEspa\u00f1a-Embajada-de-Espa\u00f1a-ante-la-Santa-Sede-dism-300x190.jpg 300w\" sizes=\"(max-width: 690px) 100vw, 690px\" \/><\/a><\/p>\n<p>.<a href=\"http:\/\/www.tunaespana.es\/?attachment_id=33445\" rel=\"attachment wp-att-33445\"><img decoding=\"async\" loading=\"lazy\" class=\"aligncenter size-full wp-image-33445\" src=\"http:\/\/www.tunaespana.es\/wp-content\/uploads\/2018\/10\/LapicitoTunaEspa\u00f1a-Pegatina-Juntamento-Roma-Dism.jpg\" alt=\"Lapicito,TunaEspa\u00f1a, Pegatina Juntamento Roma, Dism\" width=\"512\" height=\"512\" srcset=\"https:\/\/www.tunaespana.es\/wp-content\/uploads\/2018\/10\/LapicitoTunaEspa\u00f1a-Pegatina-Juntamento-Roma-Dism.jpg 512w, https:\/\/www.tunaespana.es\/wp-content\/uploads\/2018\/10\/LapicitoTunaEspa\u00f1a-Pegatina-Juntamento-Roma-Dism-150x150.jpg 150w, https:\/\/www.tunaespana.es\/wp-content\/uploads\/2018\/10\/LapicitoTunaEspa\u00f1a-Pegatina-Juntamento-Roma-Dism-300x300.jpg 300w\" sizes=\"(max-width: 512px) 100vw, 512px\" \/><\/a><\/p>\n<p>.<span style=\"color: #cc99ff;\">Nuestra Pegatina, realizada para nuestro juntamento en Roma, por nuestro muy querido hermanico de <span style=\"color: #ff0000;\">Tun<span style=\"color: #ffff00;\">aEsp<\/span>a\u00f1a<\/span> Enrique P. Falodo \u00abLapicito\u00bb<\/span><\/p>\n<p>.<\/p>\n<blockquote class=\"embedly-card\" data-card-controls=\"1\" data-card-align=\"center\" data-card-theme=\"light\">\n<h4><a href=\"https:\/\/www.youtube.com\/watch?v=Q2En2qdQ2L8\">TunaEspa\u00f1a: Embajada de Espa\u00f1a ante la Santa Sede. Roma \u00abSoy Espa\u00f1ol\u00bb<\/a><\/h4>\n<p>Concierto de TunaEspa\u00f1a a la Ciudad de Roma, desde la embajada de Espa\u00f1a ante la Santa Sede, Plaza de Espa\u00f1a, Roma. La embajada de Espa\u00f1a ante la Santa Sede es la misi\u00f3n diplom\u00e1tica permanente m\u00e1s antigua del mundo. Fue creada en 1480 por el rey Fernando el Cat\u00f3lico.<\/p>\n<\/blockquote>\n<p><script async src=\"\/\/cdn.embedly.com\/widgets\/platform.js\" charset=\"UTF-8\"><\/script><\/p>\n<p>.<\/p>\n","protected":false},"excerpt":{"rendered":"<p>. . . . TunaEspa\u00f1a: Embajada de Espa\u00f1a ante la Santa Sede. Roma \u00abOjos de la Espa\u00f1ola\u00bb\u00bb Concierto de TunaEspa\u00f1a a la Ciudad de Roma, desde la embajada de Espa\u00f1a ante la Santa Sede, Plaza de Espa\u00f1a, Roma. La embajada de Espa\u00f1a ante la Santa Sede es la misi\u00f3n diplom\u00e1tica permanente m\u00e1s antigua del mundo. [&hellip;]<\/p>\n","protected":false},"author":2,"featured_media":0,"parent":0,"menu_order":5,"comment_status":"closed","ping_status":"closed","template":"","meta":[],"_links":{"self":[{"href":"https:\/\/www.tunaespana.es\/index.php?rest_route=\/wp\/v2\/pages\/33228"}],"collection":[{"href":"https:\/\/www.tunaespana.es\/index.php?rest_route=\/wp\/v2\/pages"}],"about":[{"href":"https:\/\/www.tunaespana.es\/index.php?rest_route=\/wp\/v2\/types\/page"}],"author":[{"embeddable":true,"href":"https:\/\/www.tunaespana.es\/index.php?rest_route=\/wp\/v2\/users\/2"}],"replies":[{"embeddable":true,"href":"https:\/\/www.tunaespana.es\/index.php?rest_route=%2Fwp%2Fv2%2Fcomments&post=33228"}],"version-history":[{"count":27,"href":"https:\/\/www.tunaespana.es\/index.php?rest_route=\/wp\/v2\/pages\/33228\/revisions"}],"predecessor-version":[{"id":39370,"href":"https:\/\/www.tunaespana.es\/index.php?rest_route=\/wp\/v2\/pages\/33228\/revisions\/39370"}],"wp:attachment":[{"href":"https:\/\/www.tunaespana.es\/index.php?rest_route=%2Fwp%2Fv2%2Fmedia&parent=33228"}],"curies":[{"name":"wp","href":"https:\/\/api.w.org\/{rel}","templated":true}]}}