{"id":37074,"date":"2023-03-15T17:29:46","date_gmt":"2023-03-15T17:29:46","guid":{"rendered":"https:\/\/www.tunaespana.es\/?page_id=37074"},"modified":"2023-03-15T17:33:42","modified_gmt":"2023-03-15T17:33:42","slug":"juntamento-cordoba","status":"publish","type":"page","link":"https:\/\/www.tunaespana.es\/?page_id=37074","title":{"rendered":"Juntamento C\u00f3rdoba"},"content":{"rendered":"<p>.<\/p>\n<p>&nbsp;<\/p>\n<p>.<\/p>\n<blockquote class=\"embedly-card\" data-card-controls=\"1\" data-card-align=\"center\" data-card-theme=\"light\">\n<h4><a href=\"https:\/\/www.diariocordoba.com\/ocio\/planes\/2023\/03\/11\/200-tunos-llegan-cordoba-semana-84175832.html\">M\u00e1s de 200 tunos &#8216;toman&#8217; C\u00f3rdoba: este es el programa de actividades (concierto incluido)<\/a><\/h4>\n<p>Tunos de toda Espa\u00f1a toman el Puente Romano de C\u00f3rdoba A. J. GONZ\u00c1LEZ Pasacalles de tunos en el Puente Romano de C\u00f3rdoba, este s\u00e1bado. A.J. GONZ\u00c1LEZ Pasacalles de tunos este s\u00e1bado en C\u00f3rdoba. A. J. GONZ\u00c1LEZ<\/p>\n<\/blockquote>\n<p><script async src=\"\/\/cdn.embedly.com\/widgets\/platform.js\" charset=\"UTF-8\"><\/script><\/p>\n<p>.<\/p>\n<blockquote class=\"embedly-card\" data-card-controls=\"1\" data-card-align=\"center\" data-card-theme=\"light\">\n<h4><a href=\"https:\/\/www.diocesisdecordoba.es\/noticias\/tuna-espana-llega-a-la-catedral-para-honrar-a-la-virgen-de-la-asuncion\">Tuna-Espa\u00f1a llega a la Catedral para honrar a la Virgen de la Asunci\u00f3n | Di\u00f3cesis de C\u00f3rdoba<\/a><\/h4>\n<p>El de\u00e1n presidente del Cabildo Catedral, Joaqu\u00edn Alberto Nieva, ha recibido esta tarde a los m\u00e1s de 200 tunos que se dan cita en C\u00f3rdoba durante estos d\u00edas para llenar de ambiente con sus cantos las calles de la ciudad y ofrecer un concierto ben\u00e9fico para C\u00e1ritas Diocesana, m\u00e1s concretamente, para el Hogar Residencia San Pablo, un lugar que trabaja para mejorar la situaci\u00f3n de los mayores de 60 a\u00f1os en riesgo de exclusi\u00f3n social.<\/p>\n<\/blockquote>\n<p><script async src=\"\/\/cdn.embedly.com\/widgets\/platform.js\" charset=\"UTF-8\"><\/script><\/p>\n<p>.<\/p>\n<blockquote class=\"embedly-card\" data-card-controls=\"1\" data-card-align=\"center\" data-card-theme=\"light\">\n<h4><a href=\"https:\/\/www.eldiadecordoba.es\/cordoba\/Juntamento-Tuna-Espana-Cordoba-imagenes_3_1773452639.html#slide-11\">El Juntamento de la Tuna de Espa\u00f1a en C\u00f3rdoba, en im\u00e1genes<\/a><\/h4>\n<p>M\u00e1s de doscientos antiguos tunos universitarios se dan cita en C\u00f3rdoba este fin de semana y ayer rindieron homenaje al matador de toros Manuel Rodr\u00edguez S\u00e1nchez Manolete en la Plaza de Santa Marina, y al pintor Julio Romero de Torres en su museo.<\/p>\n<\/blockquote>\n<p><script async src=\"\/\/cdn.embedly.com\/widgets\/platform.js\" charset=\"UTF-8\"><\/script><\/p>\n<p>.<\/p>\n<blockquote class=\"embedly-card\" data-card-controls=\"1\" data-card-align=\"center\" data-card-theme=\"light\">\n<h4><a href=\"https:\/\/www.eldiadecordoba.es\/cordoba\/Tuna-Espana-Medalla-Oro-Universidad-Cordoba_3_1773452649.html#slide-2\">La Tuna Espa\u00f1a entrega la Medalla de Oro a la Universidad de C\u00f3rdoba, en im\u00e1genes<\/a><\/h4>\n<p>La Tuna Espa\u00f1a sigue celebrando este fin de semana el tradicional Juntamento y a lo largo de este viernes ha entregado la Medalla de Oro a la Universidad de C\u00f3rdoba, adem\u00e1s de hacer una ofrenda a la Virgen de la Asunci\u00f3n en la Catedral, entre otros actos.<\/p>\n<\/blockquote>\n<p><script async src=\"\/\/cdn.embedly.com\/widgets\/platform.js\" charset=\"UTF-8\"><\/script><\/p>\n<p>.<\/p>\n<blockquote class=\"embedly-card\" data-card-controls=\"1\" data-card-align=\"center\" data-card-theme=\"light\">\n<h4><a href=\"https:\/\/sevilla.abc.es\/andalucia\/cordoba\/concierto-tuna-espana-gran-teatro-cordoba-imagenes-20230311201719-gas.html?fbclid=IwAR2l2vKTCa3RlDqJh7QTr4q-08teDTIQ_Un6u868kylPFowixT-ZCEERoFI\">El concierto de Tuna Espa\u00f1a en el Gran Teatro de C\u00f3rdoba, en im\u00e1genes<\/a><\/h4>\n<p>Gran afluencia de p\u00fablico en el acto solidario a beneficio de C\u00e1ritas<\/p>\n<\/blockquote>\n<p><script async src=\"\/\/cdn.embedly.com\/widgets\/platform.js\" charset=\"UTF-8\"><\/script><\/p>\n<p>.<\/p>\n<blockquote class=\"embedly-card\" data-card-controls=\"1\" data-card-align=\"center\" data-card-theme=\"light\">\n<h4><a href=\"https:\/\/elcallejoncordoba.blogspot.com\/2023\/03\/cerca-300-tunos-de-toda-espana-y.html?m=1\">LA C\u00d3RDOBA TAURINA Y DIVERSA<\/a><\/h4>\n<p>Partimos el jueves 9 de marzo sobre las 17:00. hacia la panaderia para hacerle un homenaje al recien premiado David Ruano, el local se encuentra Rafael de la Hoz Arderius 12. Continuamos hacia el Monumento de Manolete para hacerle un homenaje a Manolete y la Tauromaquia de C\u00f3rdoba, en el camino visitamos la plaza de la Lagunilla y visitar el busto del diestro Cordobes.<\/p>\n<\/blockquote>\n<p><script async src=\"\/\/cdn.embedly.com\/widgets\/platform.js\" charset=\"UTF-8\"><\/script><\/p>\n<p>.<\/p>\n<p>.<\/p>\n<blockquote class=\"embedly-card\" data-card-controls=\"1\" data-card-align=\"center\" data-card-theme=\"light\">\n<h4><a href=\"https:\/\/www.diariocordoba.com\/cordoba-ciudad\/2023\/03\/11\/200-tunos-espana-llenan-cordoba-84480106.html?fbclid=IwAR3Q2rQJ0brvgaILq31B_PUtYBIyvduqMtai2SjMug8kGIXJN_zyvXKgkOQ\">M\u00e1s de 200 tunos de toda Espa\u00f1a llenan C\u00f3rdoba de alegr\u00eda con su m\u00fasica y sus canciones<\/a><\/h4>\n<p>Tunos de toda Espa\u00f1a llenan de alegr\u00eda las calles de C\u00f3rdoba al son de &#8216;Clavelitos&#8217; A. J. GONZ\u00c1LEZ Los tunos han rendido homenaje a Julio Romero de Torres en el museo del pintor. A.J. GONZ\u00c1LEZ<\/p>\n<\/blockquote>\n<p><script async src=\"\/\/cdn.embedly.com\/widgets\/platform.js\" charset=\"UTF-8\"><\/script><\/p>\n<p>.<\/p>\n<blockquote class=\"embedly-card\" data-card-controls=\"1\" data-card-align=\"center\" data-card-theme=\"light\">\n<h4><a href=\"https:\/\/www.insitudiario.es\/fotogaleria-el-concierto-de-tuna-espana-en-el-gran-teatro-de-cordoba\/\">[FOTOGALER\u00cdA] El concierto de Tuna Espa\u00f1a en el Gran Teatro de C\u00f3rdoba<\/a><\/h4>\n<p>M\u00e1s de 200 antiguos tunos se citan en la capital cordobesa, una treintena llegados desde Latinoam\u00e9rica para alegrar los corazones en un acto solidario a beneficio de C\u00e1ritas. Noticias locales, culturales, actualidad y agenda en tu diario digital Insitu diario, de C\u00f3rdoba y su provincia.<\/p>\n<\/blockquote>\n<p><script async src=\"\/\/cdn.embedly.com\/widgets\/platform.js\" charset=\"UTF-8\"><\/script><\/p>\n<p>.<\/p>\n<blockquote class=\"embedly-card\" data-card-controls=\"1\" data-card-align=\"center\" data-card-theme=\"light\">\n<h4><a href=\"https:\/\/lamonteraladis.blogspot.com\/2023\/03\/la-tuna-espanola-rinde-homenaje.html?m=1\">.<\/a><\/h4>\n<p>Ladislao Rodr\u00edguez Gal\u00e1n fotos: Ladis M\u00e1s de doscientos tunos pertenecientes a la Asociaci\u00f3n de Antiguos Tunos Universitarios se han desplazado a nuestra ciudad para celebrar el encuentro anual que les re\u00fane cada a\u00f1o en un destino diferente. Llegaron de distintos puntos de Espa\u00f1a e incluso de pa\u00edses europeos y Argentina.<\/p>\n<\/blockquote>\n<p><script async src=\"\/\/cdn.embedly.com\/widgets\/platform.js\" charset=\"UTF-8\"><\/script><\/p>\n<p>.<\/p>\n<blockquote class=\"embedly-card\" data-card-controls=\"1\" data-card-align=\"center\" data-card-theme=\"light\">\n<h4><a href=\"https:\/\/www.eldiadecordoba.es\/cordoba\/Juntamento-Tuna-Espana-Cordoba-imagenes_3_1773452639.html#slide-2\">El Juntamento de la Tuna de Espa\u00f1a en C\u00f3rdoba, en im\u00e1genes<\/a><\/h4>\n<p>M\u00e1s de doscientos antiguos tunos universitarios se dan cita en C\u00f3rdoba este fin de semana y ayer rindieron homenaje al matador de toros Manuel Rodr\u00edguez S\u00e1nchez Manolete en la Plaza de Santa Marina, y al pintor Julio Romero de Torres en su museo.<\/p>\n<\/blockquote>\n<p><script async src=\"\/\/cdn.embedly.com\/widgets\/platform.js\" charset=\"UTF-8\"><\/script><\/p>\n<p>.<\/p>\n<blockquote class=\"embedly-card\" data-card-controls=\"1\" data-card-align=\"center\" data-card-theme=\"light\">\n<h4><a href=\"https:\/\/cordopolis.eldiario.es\/cordoba-hoy\/sociedad\/concierto-benefico-tunos-espana-usuarios-centros-municipales-mayores_3_10022685.html#foto9\">Concierto ben\u00e9fico de tunos de toda Espa\u00f1a para usuarios de los centros municipales de mayores<\/a><\/h4>\n<p>El sal\u00f3n de actos del Rectorado de la Universidad de C\u00f3rdoba ha acogido en la ma\u00f1ana de este viernes un concierto ben\u00e9fico por parte de tunos procedentes de toda Espa\u00f1a que este fin de semana est\u00e1n celebrando un encuentro nacional en la ciudad.<\/p>\n<\/blockquote>\n<p><script async src=\"\/\/cdn.embedly.com\/widgets\/platform.js\" charset=\"UTF-8\"><\/script><\/p>\n<p>.<\/p>\n<blockquote class=\"embedly-card\" data-card-controls=\"1\" data-card-align=\"center\" data-card-theme=\"light\">\n<h4><a href=\"https:\/\/cultoro.es\/2023\/3\/14\/actualidad\/nuevo-titulo-caballeresco-victorino-146589\/\">El nuevo t\u00edtulo caballeresco que ostenta Victorino Mart\u00edn desde el pasado s\u00e1bado<\/a><\/h4>\n<p>Ser ganadero de bravo va mucho m\u00e1s all\u00e1 de ser un simple criador; ese nombre tiene detr\u00e1s una gran responsabilidad por continuar el legado que tomaron de sus ancestros. Ese es el caso de Victorino Mart\u00edn Garc\u00eda , un ganadero que lleva muchos lustros apostando por un tipo de toro que ahora es un referente.<\/p>\n<\/blockquote>\n<p><script async src=\"\/\/cdn.embedly.com\/widgets\/platform.js\" charset=\"UTF-8\"><\/script><\/p>\n<p>.<\/p>\n<blockquote class=\"embedly-card\" data-card-controls=\"1\" data-card-align=\"center\" data-card-theme=\"light\">\n<h4><a href=\"https:\/\/www.noticiasreligiosas.com\/tuna-espana-llega-a-la-catedral-para-honrar-a-la-virgen-de-la-asuncion-25618.html\">Tuna-Espa\u00f1a llega a la Catedral para honrar a la Virgen de la Asunci\u00f3n<\/a><\/h4>\n<p>M\u00e1s de 200 tunos est\u00e1n en C\u00f3rdoba este fin de semana y ofrecer\u00e1n un concierto a beneficio del Hogar-Residencia San Pablo de C\u00e1ritas Diocesana La entrada Tuna-Espa\u00f1a llega a la Catedral para honrar a la Virgen de la Asunci\u00f3n apareci\u00f3 primero en Di\u00f3cesis de C\u00f3rdoba.<\/p>\n<\/blockquote>\n<p><script async src=\"\/\/cdn.embedly.com\/widgets\/platform.js\" charset=\"UTF-8\"><\/script><\/p>\n<p>.<\/p>\n<p>.<\/p>\n<p>.<\/p>\n<p>.<\/p>\n<p>&nbsp;<\/p>\n","protected":false},"excerpt":{"rendered":"<p>. &nbsp; . M\u00e1s de 200 tunos &#8216;toman&#8217; C\u00f3rdoba: este es el programa de actividades (concierto incluido) Tunos de toda Espa\u00f1a toman el Puente Romano de C\u00f3rdoba A. J. GONZ\u00c1LEZ Pasacalles de tunos en el Puente Romano de C\u00f3rdoba, este s\u00e1bado. A.J. GONZ\u00c1LEZ Pasacalles de tunos este s\u00e1bado en C\u00f3rdoba. A. J. GONZ\u00c1LEZ . Tuna-Espa\u00f1a [&hellip;]<\/p>\n","protected":false},"author":2,"featured_media":0,"parent":0,"menu_order":20,"comment_status":"closed","ping_status":"closed","template":"","meta":[],"_links":{"self":[{"href":"https:\/\/www.tunaespana.es\/index.php?rest_route=\/wp\/v2\/pages\/37074"}],"collection":[{"href":"https:\/\/www.tunaespana.es\/index.php?rest_route=\/wp\/v2\/pages"}],"about":[{"href":"https:\/\/www.tunaespana.es\/index.php?rest_route=\/wp\/v2\/types\/page"}],"author":[{"embeddable":true,"href":"https:\/\/www.tunaespana.es\/index.php?rest_route=\/wp\/v2\/users\/2"}],"replies":[{"embeddable":true,"href":"https:\/\/www.tunaespana.es\/index.php?rest_route=%2Fwp%2Fv2%2Fcomments&post=37074"}],"version-history":[{"count":2,"href":"https:\/\/www.tunaespana.es\/index.php?rest_route=\/wp\/v2\/pages\/37074\/revisions"}],"predecessor-version":[{"id":37076,"href":"https:\/\/www.tunaespana.es\/index.php?rest_route=\/wp\/v2\/pages\/37074\/revisions\/37076"}],"wp:attachment":[{"href":"https:\/\/www.tunaespana.es\/index.php?rest_route=%2Fwp%2Fv2%2Fmedia&parent=37074"}],"curies":[{"name":"wp","href":"https:\/\/api.w.org\/{rel}","templated":true}]}}